{"id":9136,"date":"2024-03-22T11:44:54","date_gmt":"2024-03-22T09:44:54","guid":{"rendered":"https:\/\/www.scharmuetzelseegrundschule.de\/?page_id=9136"},"modified":"2024-04-15T14:56:40","modified_gmt":"2024-04-15T12:56:40","slug":"reisebericht-austauschfahrt-nach-charenton-le-pont-bei-paris","status":"publish","type":"page","link":"https:\/\/www.scharmuetzelseegrundschule.de\/?page_id=9136","title":{"rendered":"Sch\u00fclerfahrt im M\u00e4rz 2024 nach Charenton le Pont bei Paris 04. 03.-10.02.2024"},"content":{"rendered":"\n<figure class=\"wp-block-image size-large\"><a href=\"https:\/\/www.scharmuetzelseegrundschule.de\/wp-content\/uploads\/2024\/04\/20240306_171826-scaled.jpg\"><img loading=\"lazy\" width=\"768\" height=\"1024\" src=\"https:\/\/www.scharmuetzelseegrundschule.de\/wp-content\/uploads\/2024\/04\/20240306_171826-768x1024.jpg\" alt=\"\" class=\"wp-image-9161\" srcset=\"https:\/\/www.scharmuetzelseegrundschule.de\/wp-content\/uploads\/2024\/04\/20240306_171826-768x1024.jpg 768w, https:\/\/www.scharmuetzelseegrundschule.de\/wp-content\/uploads\/2024\/04\/20240306_171826-225x300.jpg 225w, https:\/\/www.scharmuetzelseegrundschule.de\/wp-content\/uploads\/2024\/04\/20240306_171826-1152x1536.jpg 1152w, https:\/\/www.scharmuetzelseegrundschule.de\/wp-content\/uploads\/2024\/04\/20240306_171826-1536x2048.jpg 1536w, https:\/\/www.scharmuetzelseegrundschule.de\/wp-content\/uploads\/2024\/04\/20240306_171826-scaled.jpg 1920w\" sizes=\"(max-width: 768px) 100vw, 768px\" \/><\/a><\/figure>\n\n\n\n<h2>Von einer Brieffreundschaft zum Sch\u00fcleraustausch \u2013 unsere St\u00e4dtepartne<strong>rschaft<\/strong><\/h2>\n\n\n\n<p>Seit gut zwei Jahren besteht zwischen unserer Partnerschule Anatole France in Charenton le Pont bei Paris und dem Fachbereich Franz\u00f6sisch an unserer Schule ein loser Kontakt. Gegenseitig werden Briefe oder an Weihnachten mal eine Aufmerksamkeit verschickt, aber von Anfang an besteht die Idee eines pers\u00f6nlichen Kennenlernens.<br>Endlich sollen N\u00e4gel mit K\u00f6pfen gemacht werden und Frau Wank und ich \u00fcberlegen zun\u00e4chst gemeinsam mit einer kleinen Delegation, bestehend aus einigen wenigen Sch\u00fcler_innen nach Charenton le Pont zu fahren, um einander pers\u00f6nlich kennen zu lernen. Doch wir werden von einer so riesigen Welle der Begeisterung seitens der Sch\u00fcler_innen und Eltern \u00fcberrascht, dass wir schlie\u00dflich gleich mit 17 von insgesamt 20 Franz\u00f6sisch Lernenden der 5. und 6. Klassen nach Frankreich aufbrechen.<\/p>\n\n\n\n<p><strong>Montag:<\/strong> Fr\u00fch morgens geht es mit dem Zug von Berlin \u00fcber Karlsruhe nach Paris Est. Mit einem Reisebus, werden wir gegen 18:00 Uhr vom Bahnhof Paris Est abgeholt und in die Schule nach Charenton gebracht. Dort warten bereits die aufgeregten Gastfamilien auf uns und &#8211; ohne lang zu z\u00f6gern &#8211; werden alle Kinder einzeln ihren Familien zugeteilt. Ein Kind nach dem anderen verschwindet nun tapfer mit seinem K\u00f6fferchen in der Gastfamilie und taucht direkt ins franz\u00f6sische Familienleben ein. Wir Lehrerinnen bleiben ber\u00fchrt zur\u00fcck und staunen \u00fcber diese mutigen Kinder!<\/p>\n\n\n\n<p><strong>Dienstag:<\/strong> Gleich morgens treffen wir uns in der Schule wieder. Jetzt herrscht ein eifriges Gebabbel. Ohne Ausnahme sind alle Sch\u00fcler_innen bei netten Familien untergekommen, haben allerdings unterschiedlich gut geschlafen und erz\u00e4hlen aufgeregt von ihren ersten Eindr\u00fccken: Wie seltsam es doch ist, Tee in einer riesigen M\u00fcslisch\u00fcssel (einem Bol) serviert zu bekommen und wie spannend, dass in den franz\u00f6sischen Familien tats\u00e4chlich Brot in Caf\u00e9 getunkt wird.<\/p>\n\n\n\n<p>Gemeinsam mit den Gastkindern gehen wir zuerst zum Rathaus von Charenton le Pont und werden dort vom B\u00fcrgermeister Mr. Gicquel pers\u00f6nlich mit einem kleinen Umtrunk und einem Topf Honig aus der Region empfangen. Auf seine Initiative hin wurde das Austauschprojekt gro\u00dfz\u00fcgig mitfinanziert (Bustransfer, Mittagessen in der Kantine und Nachmittagsprogramm in der Schule). Vielen Dank noch einmal an dieser Stelle. Anschlie\u00dfend kehren wir zur Schule zur\u00fcck und essen Mittag in der Kantine. Auch hier ist f\u00fcr unsere Kinder alles ungewohnt, denn man muss sich melden, bevor man abr\u00e4umen darf und es gibt K\u00e4se vor dem Nachtisch. Dann fahren wir das erste Mal alleine nach Paris. Dort spazieren wir durch das Zentrum und h\u00f6ren einen Sch\u00fclervortrag \u00fcber die Notre Dame. Abends empfangen uns die Gastfamilien in der Schule mit einem gro\u00dfartigen \u201ebuffet\u201c. Wieder sind wir von ihrer Gastfreundschaft sehr angetan.<\/p>\n\n\n\n<figure class=\"wp-block-gallery has-nested-images columns-default is-cropped\">\n<figure class=\"wp-block-image size-large\"><a href=\"https:\/\/www.scharmuetzelseegrundschule.de\/wp-content\/uploads\/2024\/04\/20240307_142436-scaled.jpg\"><img loading=\"lazy\" width=\"768\" height=\"1024\" data-id=\"9164\"  src=\"https:\/\/www.scharmuetzelseegrundschule.de\/wp-content\/uploads\/2024\/04\/20240307_142436-768x1024.jpg\" alt=\"\" class=\"wp-image-9164\" srcset=\"https:\/\/www.scharmuetzelseegrundschule.de\/wp-content\/uploads\/2024\/04\/20240307_142436-768x1024.jpg 768w, https:\/\/www.scharmuetzelseegrundschule.de\/wp-content\/uploads\/2024\/04\/20240307_142436-225x300.jpg 225w, https:\/\/www.scharmuetzelseegrundschule.de\/wp-content\/uploads\/2024\/04\/20240307_142436-1152x1536.jpg 1152w, https:\/\/www.scharmuetzelseegrundschule.de\/wp-content\/uploads\/2024\/04\/20240307_142436-1536x2048.jpg 1536w, https:\/\/www.scharmuetzelseegrundschule.de\/wp-content\/uploads\/2024\/04\/20240307_142436-scaled.jpg 1920w\" sizes=\"(max-width: 768px) 100vw, 768px\" \/><\/a><\/figure>\n\n\n\n<figure class=\"wp-block-image size-large\"><a href=\"https:\/\/www.scharmuetzelseegrundschule.de\/wp-content\/uploads\/2024\/04\/20240308_171502-scaled.jpg\"><img loading=\"lazy\" width=\"1024\" height=\"768\" data-id=\"9165\"  src=\"https:\/\/www.scharmuetzelseegrundschule.de\/wp-content\/uploads\/2024\/04\/20240308_171502-1024x768.jpg\" alt=\"\" class=\"wp-image-9165\" srcset=\"https:\/\/www.scharmuetzelseegrundschule.de\/wp-content\/uploads\/2024\/04\/20240308_171502-1024x768.jpg 1024w, https:\/\/www.scharmuetzelseegrundschule.de\/wp-content\/uploads\/2024\/04\/20240308_171502-300x225.jpg 300w, https:\/\/www.scharmuetzelseegrundschule.de\/wp-content\/uploads\/2024\/04\/20240308_171502-768x576.jpg 768w, https:\/\/www.scharmuetzelseegrundschule.de\/wp-content\/uploads\/2024\/04\/20240308_171502-1536x1152.jpg 1536w, https:\/\/www.scharmuetzelseegrundschule.de\/wp-content\/uploads\/2024\/04\/20240308_171502-2048x1536.jpg 2048w, https:\/\/www.scharmuetzelseegrundschule.de\/wp-content\/uploads\/2024\/04\/20240308_171502-400x300.jpg 400w\" sizes=\"(max-width: 1024px) 100vw, 1024px\" \/><\/a><\/figure>\n\n\n\n<figure class=\"wp-block-image size-large\"><a href=\"https:\/\/www.scharmuetzelseegrundschule.de\/wp-content\/uploads\/2024\/04\/20240306_142320-scaled.jpg\"><img loading=\"lazy\" width=\"768\" height=\"1024\" data-id=\"9163\"  src=\"https:\/\/www.scharmuetzelseegrundschule.de\/wp-content\/uploads\/2024\/04\/20240306_142320-768x1024.jpg\" alt=\"\" class=\"wp-image-9163\" srcset=\"https:\/\/www.scharmuetzelseegrundschule.de\/wp-content\/uploads\/2024\/04\/20240306_142320-768x1024.jpg 768w, https:\/\/www.scharmuetzelseegrundschule.de\/wp-content\/uploads\/2024\/04\/20240306_142320-225x300.jpg 225w, https:\/\/www.scharmuetzelseegrundschule.de\/wp-content\/uploads\/2024\/04\/20240306_142320-1152x1536.jpg 1152w, https:\/\/www.scharmuetzelseegrundschule.de\/wp-content\/uploads\/2024\/04\/20240306_142320-1536x2048.jpg 1536w, https:\/\/www.scharmuetzelseegrundschule.de\/wp-content\/uploads\/2024\/04\/20240306_142320-scaled.jpg 1920w\" sizes=\"(max-width: 768px) 100vw, 768px\" \/><\/a><\/figure>\n\n\n\n<figure class=\"wp-block-image size-large\"><a href=\"https:\/\/www.scharmuetzelseegrundschule.de\/wp-content\/uploads\/2024\/04\/20240306_123601-scaled.jpg\"><img loading=\"lazy\" width=\"1024\" height=\"768\" data-id=\"9166\"  src=\"https:\/\/www.scharmuetzelseegrundschule.de\/wp-content\/uploads\/2024\/04\/20240306_123601-1024x768.jpg\" alt=\"\" class=\"wp-image-9166\" srcset=\"https:\/\/www.scharmuetzelseegrundschule.de\/wp-content\/uploads\/2024\/04\/20240306_123601-1024x768.jpg 1024w, https:\/\/www.scharmuetzelseegrundschule.de\/wp-content\/uploads\/2024\/04\/20240306_123601-300x225.jpg 300w, https:\/\/www.scharmuetzelseegrundschule.de\/wp-content\/uploads\/2024\/04\/20240306_123601-768x576.jpg 768w, https:\/\/www.scharmuetzelseegrundschule.de\/wp-content\/uploads\/2024\/04\/20240306_123601-1536x1152.jpg 1536w, https:\/\/www.scharmuetzelseegrundschule.de\/wp-content\/uploads\/2024\/04\/20240306_123601-2048x1536.jpg 2048w, https:\/\/www.scharmuetzelseegrundschule.de\/wp-content\/uploads\/2024\/04\/20240306_123601-400x300.jpg 400w\" sizes=\"(max-width: 1024px) 100vw, 1024px\" \/><\/a><\/figure>\n\n\n\n<figure class=\"wp-block-image size-large\"><a href=\"https:\/\/www.scharmuetzelseegrundschule.de\/wp-content\/uploads\/2024\/04\/20240305_144735-scaled.jpg\"><img loading=\"lazy\" width=\"768\" height=\"1024\" data-id=\"9162\"  src=\"https:\/\/www.scharmuetzelseegrundschule.de\/wp-content\/uploads\/2024\/04\/20240305_144735-768x1024.jpg\" alt=\"\" class=\"wp-image-9162\" srcset=\"https:\/\/www.scharmuetzelseegrundschule.de\/wp-content\/uploads\/2024\/04\/20240305_144735-768x1024.jpg 768w, https:\/\/www.scharmuetzelseegrundschule.de\/wp-content\/uploads\/2024\/04\/20240305_144735-225x300.jpg 225w, https:\/\/www.scharmuetzelseegrundschule.de\/wp-content\/uploads\/2024\/04\/20240305_144735-1152x1536.jpg 1152w, https:\/\/www.scharmuetzelseegrundschule.de\/wp-content\/uploads\/2024\/04\/20240305_144735-1536x2048.jpg 1536w, https:\/\/www.scharmuetzelseegrundschule.de\/wp-content\/uploads\/2024\/04\/20240305_144735-scaled.jpg 1920w\" sizes=\"(max-width: 768px) 100vw, 768px\" \/><\/a><\/figure>\n<\/figure>\n\n\n\n<p><strong>Mittwoch: <\/strong>Am Mittwoch haben unsere Gastsch\u00fcler_innen schulfrei und wir nutzen daher den gesamten Tag alleine f\u00fcr unsere Unternehmungen. Zuerst gehen wir auf den Markt von Charenton le Pont, um uns ein Picknick zu besorgen. Einige neugierige Kinder probieren tats\u00e4chlich schon am fr\u00fchen Morgen Krabben (crev\u00eattes) und sogar Schnecken (escargots). So gest\u00e4rkt fahren wir dann nach Paris und genie\u00dfen im \u201eJardin des Tuileries\u201c unseren Mittagsimbiss. Von dort aus geht es \u00fcber die Champs-Elys\u00e9es bis zum Triumpfbogen. An allen wichtigen Sehensw\u00fcrdigkeiten halten die Sch\u00fcler_innen kleine Referate. H\u00e4ufig bleiben Touristen erstaunt stehen, wenn sie bemerken, dass unsere Stadtf\u00fchrer doch noch sehr jung aussehen und trotzdem mit bemerkenswertem Selbstbewusstsein in ihren Sprachverst\u00e4rker sprechen. Schlie\u00dflich geht es zum lang ersehnten Eiffelturm. Bis zur 2. Etage laufen wir zu Fu\u00df, erst das letzte St\u00fcck nehmen wir den Aufzug und genie\u00dfen hier eine grandiose Aussicht auf die Stadt. Am Abend geht es erneut zur\u00fcck in die Familien oder vorher noch in die Betreuung in der Schule bis 18:30 Uhr.<\/p>\n\n\n\n<figure class=\"wp-block-image size-large\"><a href=\"https:\/\/www.scharmuetzelseegrundschule.de\/wp-content\/uploads\/2024\/04\/20240306_155055-scaled.jpg\"><img loading=\"lazy\" width=\"1024\" height=\"768\" src=\"https:\/\/www.scharmuetzelseegrundschule.de\/wp-content\/uploads\/2024\/04\/20240306_155055-1024x768.jpg\" alt=\"\" class=\"wp-image-9167\" srcset=\"https:\/\/www.scharmuetzelseegrundschule.de\/wp-content\/uploads\/2024\/04\/20240306_155055-1024x768.jpg 1024w, https:\/\/www.scharmuetzelseegrundschule.de\/wp-content\/uploads\/2024\/04\/20240306_155055-300x225.jpg 300w, https:\/\/www.scharmuetzelseegrundschule.de\/wp-content\/uploads\/2024\/04\/20240306_155055-768x576.jpg 768w, https:\/\/www.scharmuetzelseegrundschule.de\/wp-content\/uploads\/2024\/04\/20240306_155055-1536x1152.jpg 1536w, https:\/\/www.scharmuetzelseegrundschule.de\/wp-content\/uploads\/2024\/04\/20240306_155055-2048x1536.jpg 2048w, https:\/\/www.scharmuetzelseegrundschule.de\/wp-content\/uploads\/2024\/04\/20240306_155055-400x300.jpg 400w\" sizes=\"(max-width: 1024px) 100vw, 1024px\" \/><\/a><\/figure>\n\n\n\n<p><strong>Donnerstag: <\/strong>Zuerst lernen wir die riesige Sporthalle der Schule kennen und spielen, gemeinsam mit unseren Gastsch\u00fcler_innen, Basketball. Anschlie\u00dfend gibt es eine Sprachanimation und wir malen gemeinsam Berliner Buddyb\u00e4ren an.<\/p>\n\n\n\n<p>Nach dem Mittagessen in der Kantine geht es wieder nach Paris. Dieses Mal erklimmen wir tapfer die beinahe 200 Stufen, um von der Basilika \u201eSacre Coeur\u201c auf Paris blicken zu k\u00f6nnen. Nach einem weiteren Referat bummeln wir gem\u00e4chlich die Stufen wieder hinab und bewundern dabei die vielen Schausteller und Mimen. Dann d\u00fcrfen die Kinder endlich ihre lang ersehnten Souvenirs einkaufen gehen. Das Gl\u00fcck ist gro\u00df und am Ende der Geldbeutel sehr schmal. Nach einer St\u00e4rkung mit croissants und pains au chocolat geht es nachmittags wieder zur\u00fcck nach Charenton le Pont und in die Gastfamilien.<\/p>\n\n\n\n<p><strong>Freitag:<\/strong> Heute geht es mit den Gastsch\u00fcler_innen gemeinsam nach Paris. Leider ist Hochwasser, sodass die geplante Bootstour entfallen muss. Stattdessen wird an der Seine gepicknickt und anschlie\u00dfend erobern wir das moderne Kunstmuseum im Centre Pompidou. Viele Sch\u00fcler_innen sind sich einig, dass sie die ausgestellten Werke hier eigentlich selbst viel besser malen k\u00f6nnten und die Verwunderung steht gro\u00df in ihren Augen. Gut, dass der Nikki de Saint Phalle Brunnen vor dem Centre Pompidou so fr\u00f6hlich aussieht, sodass schnell auch der letzte Unmut \u00fcber die moderne Kunst verschwindet. Die franz\u00f6sischen Kinder fahren schon jetzt zur\u00fcck, aber wir st\u00e4rken uns erst einmal in einer echten P\u00e2tisserie (Konditorei). Die P\u00e2tissi\u00e8re zeigt sich geduldig bis ein jedes Kind auch wirklich seine Lieblingstarte ausgesucht hat. Dann wandern wir zum Louvre und genie\u00dfen unsere K\u00f6stlichkeiten, w\u00e4hrend schon die n\u00e4chsten Referate gehalten werden. Eigentlich ist es schon sp\u00e4t, aber da wir als einzige M\u00f6glichkeit heute um 18:00 Uhr ein Zeitfenster f\u00fcr den Louvre ergattern konnten, schmei\u00dfen wir uns erwartungsvoll in das Get\u00fcmmel. In vier kleinen Gruppen machen wir den Louve unsicher. Nat\u00fcrlich schauen sich alle als erstes die Mona Lisa (la Joconde) an, bevor wir in Kleingruppen unterschiedliche Wege durch den kilometerweiten Louvre nehmen.<\/p>\n\n\n\n<figure class=\"wp-block-gallery has-nested-images columns-default is-cropped\">\n<figure class=\"wp-block-image size-large\"><a href=\"https:\/\/www.scharmuetzelseegrundschule.de\/wp-content\/uploads\/2024\/04\/20240308_182539-scaled.jpg\"><img loading=\"lazy\" width=\"768\" height=\"1024\" data-id=\"9168\"  src=\"https:\/\/www.scharmuetzelseegrundschule.de\/wp-content\/uploads\/2024\/04\/20240308_182539-768x1024.jpg\" alt=\"\" class=\"wp-image-9168\" srcset=\"https:\/\/www.scharmuetzelseegrundschule.de\/wp-content\/uploads\/2024\/04\/20240308_182539-768x1024.jpg 768w, https:\/\/www.scharmuetzelseegrundschule.de\/wp-content\/uploads\/2024\/04\/20240308_182539-225x300.jpg 225w, https:\/\/www.scharmuetzelseegrundschule.de\/wp-content\/uploads\/2024\/04\/20240308_182539-1152x1536.jpg 1152w, https:\/\/www.scharmuetzelseegrundschule.de\/wp-content\/uploads\/2024\/04\/20240308_182539-1536x2048.jpg 1536w, https:\/\/www.scharmuetzelseegrundschule.de\/wp-content\/uploads\/2024\/04\/20240308_182539-scaled.jpg 1920w\" sizes=\"(max-width: 768px) 100vw, 768px\" \/><\/a><\/figure>\n\n\n\n<figure class=\"wp-block-image size-large\"><a href=\"https:\/\/www.scharmuetzelseegrundschule.de\/wp-content\/uploads\/2024\/04\/20240308_170156-scaled.jpg\"><img loading=\"lazy\" width=\"768\" height=\"1024\" data-id=\"9169\"  src=\"https:\/\/www.scharmuetzelseegrundschule.de\/wp-content\/uploads\/2024\/04\/20240308_170156-768x1024.jpg\" alt=\"\" class=\"wp-image-9169\" srcset=\"https:\/\/www.scharmuetzelseegrundschule.de\/wp-content\/uploads\/2024\/04\/20240308_170156-768x1024.jpg 768w, https:\/\/www.scharmuetzelseegrundschule.de\/wp-content\/uploads\/2024\/04\/20240308_170156-225x300.jpg 225w, https:\/\/www.scharmuetzelseegrundschule.de\/wp-content\/uploads\/2024\/04\/20240308_170156-1152x1536.jpg 1152w, https:\/\/www.scharmuetzelseegrundschule.de\/wp-content\/uploads\/2024\/04\/20240308_170156-1536x2048.jpg 1536w, https:\/\/www.scharmuetzelseegrundschule.de\/wp-content\/uploads\/2024\/04\/20240308_170156-scaled.jpg 1920w\" sizes=\"(max-width: 768px) 100vw, 768px\" \/><\/a><\/figure>\n<\/figure>\n\n\n\n<p>Bevor es zur\u00fcckgeht, schaffen wir es dann sogar noch um 20:00 Uhr das Lichterspektakel am Eiffelturm aus der Ferne zu bestaunen. Heute fallen wirklich alle Kinder zufrieden, satt und angereichert mit lauter tollen Eindr\u00fccken in ihre Betten.<\/p>\n\n\n\n<p><strong>Samstag: <\/strong>Den Samstag verbringt jedes Kind den Tag in seiner Gastfamilie. Manche Familien unternehmen etwas gemeinsam, manche unternehmen etwas alleine (en famille). Insgesamt entsteht ein weites Spektrum an Unternehmungen wie Burgerparty, le ch\u00e2teau de Vincennes, l\u2019Aquarium, un match de foot, l\u2018Atelier de Lumi\u00e8res, la Tour Montparnasse etc.<\/p>\n\n\n\n<p><strong>Sonntag: <\/strong>Tapfer stehen alle Gastfamilien um 7:00 Uhr mit unseren Kindern an der Schule, um sie nun zu verabschieden. Im Bus flie\u00dfen dann tats\u00e4chlich ein paar Tr\u00e4nen, bevor wir zum Bahnhof gebracht werden. Nun beginnt die lange Heimreise, dieses Mal \u00fcber Mannheim. Abends \u00fcbergeben wir dann den stolzen Eltern ihre kleinen Abenteurer.<\/p>\n\n\n\n<p><strong>Danksagung:<\/strong><br>Neben dem gro\u00dfen Dank an die Schulleiterinnen unserer beiden Schulen, der politischen und finanziellen Unterst\u00fctzung unserer Partnerst\u00e4dte, dem Engagement der beteiligten Lehrerinnen und Lehrer sowie aller weiteren Mitarbeitenden der Schule in Charenton, geht nat\u00fcrlich unser Dankesch\u00f6n an die \u00fcberaus gastfreundlichen, geduldigen und warmherzigen franz\u00f6sischen Gastfamilien und dem gro\u00dfen Vertrauen der deutschen Eltern in unsere Arbeit.<\/p>\n\n\n\n<p>Was aber auch jeder wissen sollte ist, dass wir zus\u00e4tzlich zwei \u201eheimliche Helferlein\u201c dabei hatten, n\u00e4mlich Marie und Yuval. Diesen wollen wir ebenfalls ausdr\u00fccklich danken, denn ohne sie w\u00e4re die Reise f\u00fcr uns um ein Vielfaches anstrengender geworden: Marie Bourdin ist unserer Praktikantin, die im Januar ein zweiw\u00f6chiges Praktikum an der Scharm\u00fctzelsee Grundschule verbracht hatte. Sie lebt in Paris und hat sich jeden Nachmittag f\u00fcr uns Zeit genommen, einfach so, um unsere Unternehmungen tatkr\u00e4ftig zu unterst\u00fctzen. Ohne ihre Hilfe w\u00e4ren viele Toiletteng\u00e4nge schwierig gewesen, die Gruppen in den Museum zu gro\u00df oder unsere Stadtrundg\u00e4nge viel komplizierter geworden usw.<\/p>\n\n\n\n<p>Au\u00dferdem bedanken wir uns bei Yuval, dem 16j\u00e4hrigen Sohn von Frau Wank, der Franz\u00f6sisch als Leistungskurs gew\u00e4hlt und extra eine Schulbefreiung erwirkt hat, um ebenfalls viel Zeit mit uns und den Kindern in Paris verbringen und uns unterst\u00fctzen zu k\u00f6nnen. Wie sch\u00f6n, dass auf diese Weise ein Fu\u00dfballfan f\u00fcr die Jungs dabei war, der im Park mit ihnen gekickt hat und ein begeisterter Kartenspieler, der die Kinder stundenlang im Zug besch\u00e4ftigen konnte.<\/p>\n\n\n\n<p><strong>Gegenbesuch:<\/strong> Nun hoffen wir, dass im n\u00e4chsten Jahr ein Gegenbesuch umgesetzt werden kann und beginnen ab sofort, alles daf\u00fcr in Bewegung zu setzen.<\/p>\n","protected":false},"excerpt":{"rendered":"<p>Von einer Brieffreundschaft zum Sch\u00fcleraustausch \u2013 unsere St\u00e4dtepartnerschaft Seit gut zwei Jahren besteht zwischen unserer Partnerschule Anatole France in Charenton le Pont bei Paris und dem Fachbereich Franz\u00f6sisch an unserer Schule ein loser Kontakt. Gegenseitig werden Briefe oder an Weihnachten &hellip; <a href=\"https:\/\/www.scharmuetzelseegrundschule.de\/?page_id=9136\">Weiterlesen <span class=\"meta-nav\">&rarr;<\/span><\/a><\/p>\n","protected":false},"author":18,"featured_media":0,"parent":0,"menu_order":0,"comment_status":"closed","ping_status":"closed","template":"","meta":{"ngg_post_thumbnail":0},"_links":{"self":[{"href":"https:\/\/www.scharmuetzelseegrundschule.de\/index.php?rest_route=\/wp\/v2\/pages\/9136"}],"collection":[{"href":"https:\/\/www.scharmuetzelseegrundschule.de\/index.php?rest_route=\/wp\/v2\/pages"}],"about":[{"href":"https:\/\/www.scharmuetzelseegrundschule.de\/index.php?rest_route=\/wp\/v2\/types\/page"}],"author":[{"embeddable":true,"href":"https:\/\/www.scharmuetzelseegrundschule.de\/index.php?rest_route=\/wp\/v2\/users\/18"}],"replies":[{"embeddable":true,"href":"https:\/\/www.scharmuetzelseegrundschule.de\/index.php?rest_route=%2Fwp%2Fv2%2Fcomments&post=9136"}],"version-history":[{"count":3,"href":"https:\/\/www.scharmuetzelseegrundschule.de\/index.php?rest_route=\/wp\/v2\/pages\/9136\/revisions"}],"predecessor-version":[{"id":9170,"href":"https:\/\/www.scharmuetzelseegrundschule.de\/index.php?rest_route=\/wp\/v2\/pages\/9136\/revisions\/9170"}],"wp:attachment":[{"href":"https:\/\/www.scharmuetzelseegrundschule.de\/index.php?rest_route=%2Fwp%2Fv2%2Fmedia&parent=9136"}],"curies":[{"name":"wp","href":"https:\/\/api.w.org\/{rel}","templated":true}]}}