{"id":88,"date":"2011-05-19T14:58:53","date_gmt":"2011-05-19T14:58:53","guid":{"rendered":"http:\/\/cwmo.de\/?page_id=88"},"modified":"2025-12-15T14:36:53","modified_gmt":"2025-12-15T12:36:53","slug":"betreuung","status":"publish","type":"page","link":"https:\/\/www.scharmuetzelseegrundschule.de\/?page_id=88","title":{"rendered":"Ganztag"},"content":{"rendered":"\n<h2>Verl\u00e4ssliche Halbtagsgrundschule&nbsp;und Offene Ganztagsschule<\/h2>\n\n\n\n<div class=\"wp-block-image\"><figure class=\"aligncenter size-full\"><a href=\"https:\/\/www.scharmuetzelseegrundschule.de\/wp-content\/uploads\/2022\/06\/Abschiedsfest-fuer-Internet-1.jpg\"><img loading=\"lazy\" width=\"1000\" height=\"750\" src=\"https:\/\/www.scharmuetzelseegrundschule.de\/wp-content\/uploads\/2022\/06\/Abschiedsfest-fuer-Internet-1.jpg\" alt=\"\" class=\"wp-image-7879\" srcset=\"https:\/\/www.scharmuetzelseegrundschule.de\/wp-content\/uploads\/2022\/06\/Abschiedsfest-fuer-Internet-1.jpg 1000w, https:\/\/www.scharmuetzelseegrundschule.de\/wp-content\/uploads\/2022\/06\/Abschiedsfest-fuer-Internet-1-300x225.jpg 300w, https:\/\/www.scharmuetzelseegrundschule.de\/wp-content\/uploads\/2022\/06\/Abschiedsfest-fuer-Internet-1-768x576.jpg 768w, https:\/\/www.scharmuetzelseegrundschule.de\/wp-content\/uploads\/2022\/06\/Abschiedsfest-fuer-Internet-1-400x300.jpg 400w\" sizes=\"(max-width: 1000px) 100vw, 1000px\" \/><\/a><\/figure><\/div>\n\n\n\n<h2><strong>Wir sind eine verl\u00e4ssliche Halbtagsgrundschule<\/strong><\/h2>\n\n\n\n<p><strong>V<\/strong>erl\u00e4ssliche <strong>H<\/strong>albtags<strong>g<\/strong>rundschule (VHG) hei\u00dft, dass zwischen 7.30 Uhr und 13.30 Uhr eine kostenlose Betreuung der Sch\u00fclerinnen und Sch\u00fcler unserer Schule angeboten wird. Den Kindern steht das Regenbogenland im Erdgeschoss des Schulgeb\u00e4udes zum Spielen, Lesen, Ausruhen und Toben zur Verf\u00fcgung. Sie werden von den Erzieherinnen und Erziehern des Nachbarschaftsheim Sch\u00f6neberg e.V. betreut, die in diesen Zeitr\u00e4umen vor allem Gelegenheit zu selbst bestimmter Bet\u00e4tigung erm\u00f6glichen. Die verl\u00e4ssliche Halbtagsgrundschule ist freiwillig. Verpflichtende Anwesenheitszeiten in der Schule sind nur die Zeiten vom Unterrichtsanfang bis zum Unterrichtsende.<\/p>\n\n\n\n<div class=\"wp-block-columns\">\n<div class=\"wp-block-column\">\n<figure class=\"wp-block-image size-medium\"><a href=\"https:\/\/www.scharmuetzelseegrundschule.de\/wp-content\/uploads\/2022\/06\/Europalauf-Huepfer-2.jpg\"><img loading=\"lazy\" width=\"300\" height=\"225\" src=\"https:\/\/www.scharmuetzelseegrundschule.de\/wp-content\/uploads\/2022\/06\/Europalauf-Huepfer-2-300x225.jpg\" alt=\"\" class=\"wp-image-7881\" srcset=\"https:\/\/www.scharmuetzelseegrundschule.de\/wp-content\/uploads\/2022\/06\/Europalauf-Huepfer-2-300x225.jpg 300w, https:\/\/www.scharmuetzelseegrundschule.de\/wp-content\/uploads\/2022\/06\/Europalauf-Huepfer-2-400x300.jpg 400w, https:\/\/www.scharmuetzelseegrundschule.de\/wp-content\/uploads\/2022\/06\/Europalauf-Huepfer-2.jpg 600w\" sizes=\"(max-width: 300px) 100vw, 300px\" \/><\/a><\/figure>\n<\/div>\n\n\n\n<div class=\"wp-block-column\">\n<figure class=\"wp-block-image size-medium\"><a href=\"https:\/\/www.scharmuetzelseegrundschule.de\/wp-content\/uploads\/2022\/06\/Fasching-fuer-Internet-1.jpg\"><img loading=\"lazy\" width=\"300\" height=\"224\" src=\"https:\/\/www.scharmuetzelseegrundschule.de\/wp-content\/uploads\/2022\/06\/Fasching-fuer-Internet-1-300x224.jpg\" alt=\"\" class=\"wp-image-7883\" srcset=\"https:\/\/www.scharmuetzelseegrundschule.de\/wp-content\/uploads\/2022\/06\/Fasching-fuer-Internet-1-300x224.jpg 300w, https:\/\/www.scharmuetzelseegrundschule.de\/wp-content\/uploads\/2022\/06\/Fasching-fuer-Internet-1-768x574.jpg 768w, https:\/\/www.scharmuetzelseegrundschule.de\/wp-content\/uploads\/2022\/06\/Fasching-fuer-Internet-1-401x300.jpg 401w, https:\/\/www.scharmuetzelseegrundschule.de\/wp-content\/uploads\/2022\/06\/Fasching-fuer-Internet-1.jpg 1000w\" sizes=\"(max-width: 300px) 100vw, 300px\" \/><\/a><\/figure>\n<\/div>\n<\/div>\n\n\n\n<p><strong>Wir sind eine offene Ganztagsschule<\/strong><\/p>\n\n\n\n<p>Eine weitere \u2013 freiwillige \u2013 Betreuung wird im Offenen Ganztagsbereich angeboten. Sie ist f\u00fcr Kinder der 1. und 2. Klasse kostenlos. F\u00fcr die Klassenstufen 3 bis 6 ist die Betreuung kostenpflichtig und richtet sich nach dem Einkommen der Eltern. Hierzu ist ein Vertrag mit dem Nachbarschaftsheim Sch\u00f6neberg erforderlich. Voraussetzung f\u00fcr einen Vertragsabschluss ist ein Bedarfsbescheid, der beim Jugendamt beantragt werden muss und dort genehmigt wird. Antragsformulare gibt es im Schulsekretariat oder beim Leiter der Ganztagsbetreuung, Ingo Dickel, Telefon 21 91 36 14. Herr Dickel steht bei Fragen hierzu gerne zur Verf\u00fcgung. F\u00fcr die Ganztagsbetreuung stehen verschiedene Zeitmodule zur Verf\u00fcgung wie z.B.: Fr\u00fchbetreuungen 6.00 bis 7.30 Uhr, 13.30 bis 16.00 Uhr oder 13.30 bis 18.00 Uhr. Auch w\u00e4hrend der Ferienzeiten hat die Ganztagsbetreuung ge\u00f6ffnet.<\/p>\n\n\n\n<p><strong>Wir kooperieren mit dem Nachbarschaftsheim Sch\u00f6neberg e.V.<\/strong><\/p>\n\n\n\n<div class=\"wp-block-image\"><figure class=\"alignright\"><img src=\"http:\/\/vorschau.fvsgs.de\/wp-content\/uploads\/2011\/05\/S\u00e4gen1.jpg\" alt=\"\" class=\"wp-image-1426\" title=\"S\u00e4gen\"\/><\/figure><\/div>\n\n\n\n<p> Die Betreuung der Kinder sowohl in der VHG als auch im Ganztagsbereich erfolgt durch die Erzieherinnen und Erzieher des Nachbarschaftsheims Sch\u00f6neberg e.V.<br>Das Nachbarschaftsheim Sch\u00f6neberg e.V. ist ein gemeinn\u00fctziger Verein, der sich sozial und kulturell in Sch\u00f6neberg engagiert und Sch\u00f6neberger Grundschulen im Ganztagsbetrieb betreut. Das Team besteht aus 25 Mitarbeitenden mit unterschiedlichen Wochenarbeitszeiten und unterschiedlichen Ausbildungen (Erzieher\/in, Integrationserzieher\/in, Erziehungswissenschaftler\/in, Heilerziehungspflegerin, Sozialp\u00e4dagoge). Derzeit werden 310 bis 320 Schulkinder der Klassenstufen 1 bis 6 betreut.<\/p>\n\n\n\n<div class=\"wp-block-image\"><figure class=\"alignright\"><img src=\"http:\/\/vorschau.fvsgs.de\/wp-content\/uploads\/2011\/05\/Denkspiel.jpg\" alt=\"\" class=\"wp-image-1424\" title=\"Denkspiel\"\/><\/figure><\/div>\n\n\n\n<p>Die Ganztagsbetreuung findet auf dem Schulgel\u00e4nde statt, \u00fcberwiegend in drei Etagen im Vorderhaus der Hohenstaufenstr.49, f\u00fcr gr\u00f6\u00dfere Kinder (4. bis 6. Klasse) in R\u00e4umen im Hochparterre der Schule. <br>Die Anfang 2010 neu sanierten R\u00e4ume auf 3 Etagen bieten Raum f\u00fcr Gespr\u00e4che, R\u00fcckzug, Bewegung, freies Spiel und kreative Gestaltung. Das Angebot wird erg\u00e4nzt durch den begr\u00fcnten und mit zahlreichen Spiel- und Kletterangeboten ausgestatteten Schulhof. Auch die kleine Turnhalle kann mitgenutzt werden.<\/p>\n\n\n\n<p>Die Kinder sollen einen verl\u00e4sslichen und vertrauensvollen Ort finden, um sich zu entspannen und zunehmend selbst bestimmt ihre \u201efreie Zeit\u201c mit anderen Kindern zu gestalten. Bei der t\u00e4glichen Hausaufgabenbetreuung in ruhiger Atmosph\u00e4re werden die Kinder von ihren Erziehern und Erzieherinnen unterst\u00fctzt.<br><em>Weitere Informationen finden Sie unter <a rel=\"noopener\" href=\"http:\/\/www.ganztag-scharmuetzelsee.nbhs.de\" target=\"_blank\">www.ganztag-scharmuetzelsee.nbhs.de<\/a><\/em><\/p>\n\n\n\n<div class=\"wp-block-columns\">\n<div class=\"wp-block-column\">\n<figure class=\"wp-block-image size-full\"><a href=\"https:\/\/www.scharmuetzelseegrundschule.de\/wp-content\/uploads\/2022\/06\/Meditation-fuer-Internet-2.jpg\"><img loading=\"lazy\" width=\"1000\" height=\"563\" src=\"https:\/\/www.scharmuetzelseegrundschule.de\/wp-content\/uploads\/2022\/06\/Meditation-fuer-Internet-2.jpg\" alt=\"\" class=\"wp-image-7884\" srcset=\"https:\/\/www.scharmuetzelseegrundschule.de\/wp-content\/uploads\/2022\/06\/Meditation-fuer-Internet-2.jpg 1000w, https:\/\/www.scharmuetzelseegrundschule.de\/wp-content\/uploads\/2022\/06\/Meditation-fuer-Internet-2-300x169.jpg 300w, https:\/\/www.scharmuetzelseegrundschule.de\/wp-content\/uploads\/2022\/06\/Meditation-fuer-Internet-2-768x432.jpg 768w, https:\/\/www.scharmuetzelseegrundschule.de\/wp-content\/uploads\/2022\/06\/Meditation-fuer-Internet-2-500x282.jpg 500w\" sizes=\"(max-width: 1000px) 100vw, 1000px\" \/><\/a><\/figure>\n<\/div>\n\n\n\n<div class=\"wp-block-column\">\n<figure class=\"wp-block-image size-full\"><a href=\"https:\/\/www.scharmuetzelseegrundschule.de\/wp-content\/uploads\/2022\/06\/Maske-Maedchen-1.jpg\"><img loading=\"lazy\" width=\"640\" height=\"360\" src=\"https:\/\/www.scharmuetzelseegrundschule.de\/wp-content\/uploads\/2022\/06\/Maske-Maedchen-1.jpg\" alt=\"\" class=\"wp-image-7885\" srcset=\"https:\/\/www.scharmuetzelseegrundschule.de\/wp-content\/uploads\/2022\/06\/Maske-Maedchen-1.jpg 640w, https:\/\/www.scharmuetzelseegrundschule.de\/wp-content\/uploads\/2022\/06\/Maske-Maedchen-1-300x169.jpg 300w, https:\/\/www.scharmuetzelseegrundschule.de\/wp-content\/uploads\/2022\/06\/Maske-Maedchen-1-500x281.jpg 500w\" sizes=\"(max-width: 640px) 100vw, 640px\" \/><\/a><\/figure>\n<\/div>\n<\/div>\n\n\n\n<div class=\"wp-block-columns\">\n<div class=\"wp-block-column\">\n<figure class=\"wp-block-image size-full\"><a href=\"https:\/\/www.scharmuetzelseegrundschule.de\/wp-content\/uploads\/2022\/06\/Teaser-Jahreskreislauf-fuer-Internet-1.jpg\"><img loading=\"lazy\" width=\"850\" height=\"868\" src=\"https:\/\/www.scharmuetzelseegrundschule.de\/wp-content\/uploads\/2022\/06\/Teaser-Jahreskreislauf-fuer-Internet-1.jpg\" alt=\"\" class=\"wp-image-7886\" srcset=\"https:\/\/www.scharmuetzelseegrundschule.de\/wp-content\/uploads\/2022\/06\/Teaser-Jahreskreislauf-fuer-Internet-1.jpg 850w, https:\/\/www.scharmuetzelseegrundschule.de\/wp-content\/uploads\/2022\/06\/Teaser-Jahreskreislauf-fuer-Internet-1-294x300.jpg 294w, https:\/\/www.scharmuetzelseegrundschule.de\/wp-content\/uploads\/2022\/06\/Teaser-Jahreskreislauf-fuer-Internet-1-768x784.jpg 768w\" sizes=\"(max-width: 850px) 100vw, 850px\" \/><\/a><\/figure>\n<\/div>\n\n\n\n<div class=\"wp-block-column\">\n<figure class=\"wp-block-image size-medium is-resized\"><a href=\"https:\/\/www.scharmuetzelseegrundschule.de\/wp-content\/uploads\/2022\/06\/Schlafende-Kinder-1-1-scaled.jpg\"><img src=\"https:\/\/www.scharmuetzelseegrundschule.de\/wp-content\/uploads\/2022\/06\/Schlafende-Kinder-1-1-225x300.jpg\" alt=\"\" class=\"wp-image-7887\" width=\"224\" srcset=\"https:\/\/www.scharmuetzelseegrundschule.de\/wp-content\/uploads\/2022\/06\/Schlafende-Kinder-1-1-225x300.jpg 225w, https:\/\/www.scharmuetzelseegrundschule.de\/wp-content\/uploads\/2022\/06\/Schlafende-Kinder-1-1-768x1024.jpg 768w, https:\/\/www.scharmuetzelseegrundschule.de\/wp-content\/uploads\/2022\/06\/Schlafende-Kinder-1-1-1152x1536.jpg 1152w, https:\/\/www.scharmuetzelseegrundschule.de\/wp-content\/uploads\/2022\/06\/Schlafende-Kinder-1-1-1536x2048.jpg 1536w, https:\/\/www.scharmuetzelseegrundschule.de\/wp-content\/uploads\/2022\/06\/Schlafende-Kinder-1-1-scaled.jpg 1920w\" sizes=\"(max-width: 225px) 100vw, 225px\" \/><\/a><\/figure>\n<\/div>\n<\/div>\n\n\n\n<p><strong>Wir kooperieren mit au\u00dferschulischen Partnern<\/strong><\/p>\n\n\n\n<p>Au\u00dferdem k\u00f6nnen die Kinder am Nachmittag die vielseitigen AG-Angebote in der Sporthalle oder im Schulhaus besuchen, die von den Lehrern und Lehrerinnen und den \u00dcbungsleitern der Sportvereine angeboten werden.<\/p>\n\n\n\n<p>Auch die Leo Kestenberg Musikschule bietet t\u00e4glich in mehreren R\u00e4umen der Schule Individual- oder Gruppenunterricht an. Dieser Unterricht ist allerdings kostenpflichtig (Vertrag mit der Musikschule).<\/p>\n\n\n\n<p>Durch diese Kooperationen ist mit den Jahren ein riesiges Angebot entstanden: Bei uns hat man die \u201eQual der Wahl\u201c.<\/p>\n\n\n\n<p><strong>Wir bieten ein Mittagessen<\/strong><\/p>\n\n\n\n<p>In den sch\u00f6nen R\u00e4umen der 2008 neu errichteten Mensa bieten wir f\u00fcr die Kinder t\u00e4glich ein vollwertiges, warmes Mittagessen. Es stehen jeweils zwei Gerichte zur Auswahl. Das Essen wird von dem Caterer &#8217;40 seconds&#8216; geliefert. Es ist f\u00fcr alle angemeldeten Kinder kostenlos. F\u00fcr die Belieferung mit Essen muss f\u00fcr jedes Kind beim Abschluss der Ganztags-Vertrages oder direkt mit der Firma &#8217;40 seconds&#8216; einmalig ein Vertrag geschlossen werden.<\/p>\n\n\n\n<p><em>N\u00e4herer Informationen unter: <a href=\"https:\/\/www.warnhoff-catering.de\/de\/\">https:\/\/40seconds-kids.de\/<\/a><\/em><\/p>\n\n\n\n<p><\/p>\n","protected":false},"excerpt":{"rendered":"<p>Verl\u00e4ssliche Halbtagsgrundschule&nbsp;und Offene Ganztagsschule Wir sind eine verl\u00e4ssliche Halbtagsgrundschule Verl\u00e4ssliche Halbtagsgrundschule (VHG) hei\u00dft, dass zwischen 7.30 Uhr und 13.30 Uhr eine kostenlose Betreuung der Sch\u00fclerinnen und Sch\u00fcler unserer Schule angeboten wird. Den Kindern steht das Regenbogenland im Erdgeschoss des Schulgeb\u00e4udes &hellip; <a href=\"https:\/\/www.scharmuetzelseegrundschule.de\/?page_id=88\">Weiterlesen <span class=\"meta-nav\">&rarr;<\/span><\/a><\/p>\n","protected":false},"author":8,"featured_media":0,"parent":0,"menu_order":4,"comment_status":"closed","ping_status":"closed","template":"","meta":{"ngg_post_thumbnail":0},"_links":{"self":[{"href":"https:\/\/www.scharmuetzelseegrundschule.de\/index.php?rest_route=\/wp\/v2\/pages\/88"}],"collection":[{"href":"https:\/\/www.scharmuetzelseegrundschule.de\/index.php?rest_route=\/wp\/v2\/pages"}],"about":[{"href":"https:\/\/www.scharmuetzelseegrundschule.de\/index.php?rest_route=\/wp\/v2\/types\/page"}],"author":[{"embeddable":true,"href":"https:\/\/www.scharmuetzelseegrundschule.de\/index.php?rest_route=\/wp\/v2\/users\/8"}],"replies":[{"embeddable":true,"href":"https:\/\/www.scharmuetzelseegrundschule.de\/index.php?rest_route=%2Fwp%2Fv2%2Fcomments&post=88"}],"version-history":[{"count":8,"href":"https:\/\/www.scharmuetzelseegrundschule.de\/index.php?rest_route=\/wp\/v2\/pages\/88\/revisions"}],"predecessor-version":[{"id":9696,"href":"https:\/\/www.scharmuetzelseegrundschule.de\/index.php?rest_route=\/wp\/v2\/pages\/88\/revisions\/9696"}],"wp:attachment":[{"href":"https:\/\/www.scharmuetzelseegrundschule.de\/index.php?rest_route=%2Fwp%2Fv2%2Fmedia&parent=88"}],"curies":[{"name":"wp","href":"https:\/\/api.w.org\/{rel}","templated":true}]}}