{"id":7525,"date":"2022-06-16T11:32:38","date_gmt":"2022-06-16T09:32:38","guid":{"rendered":"https:\/\/www.scharmuetzelseegrundschule.de\/?page_id=7525"},"modified":"2022-09-28T11:49:56","modified_gmt":"2022-09-28T09:49:56","slug":"fachbereich-sport","status":"publish","type":"page","link":"https:\/\/www.scharmuetzelseegrundschule.de\/?page_id=7525","title":{"rendered":"Fachbereich Sport"},"content":{"rendered":"\n<p>Die Scharm\u00fctzelsee-Grundschule ist eine sportbetonte Schule.<br>N\u00e4here Informationen finden Sie unter dem Schulprofil Sportbetonung. <\/p>\n\n\n\n<p>An der Scharm\u00fctzelsee-Grundschule gibt es eine gro\u00dfe und eine kleine Turnhalle, in der der Sportunterricht stattfindet.<br><br><strong>Gro\u00dfe Turnhalle<\/strong><\/p>\n\n\n\n<div class=\"wp-block-columns\">\n<div class=\"wp-block-column\">\n<figure class=\"wp-block-image size-large\"><a href=\"https:\/\/www.scharmuetzelseegrundschule.de\/wp-content\/uploads\/2022\/05\/signal-2022-05-11-13-09-48-130-1-2.jpg\"><img loading=\"lazy\" width=\"1024\" height=\"768\" src=\"https:\/\/www.scharmuetzelseegrundschule.de\/wp-content\/uploads\/2022\/05\/signal-2022-05-11-13-09-48-130-1-2-1024x768.jpg\" alt=\"\" class=\"wp-image-7536\" srcset=\"https:\/\/www.scharmuetzelseegrundschule.de\/wp-content\/uploads\/2022\/05\/signal-2022-05-11-13-09-48-130-1-2-1024x768.jpg 1024w, https:\/\/www.scharmuetzelseegrundschule.de\/wp-content\/uploads\/2022\/05\/signal-2022-05-11-13-09-48-130-1-2-300x225.jpg 300w, https:\/\/www.scharmuetzelseegrundschule.de\/wp-content\/uploads\/2022\/05\/signal-2022-05-11-13-09-48-130-1-2-768x576.jpg 768w, https:\/\/www.scharmuetzelseegrundschule.de\/wp-content\/uploads\/2022\/05\/signal-2022-05-11-13-09-48-130-1-2-1536x1152.jpg 1536w, https:\/\/www.scharmuetzelseegrundschule.de\/wp-content\/uploads\/2022\/05\/signal-2022-05-11-13-09-48-130-1-2-400x300.jpg 400w, https:\/\/www.scharmuetzelseegrundschule.de\/wp-content\/uploads\/2022\/05\/signal-2022-05-11-13-09-48-130-1-2.jpg 2048w\" sizes=\"(max-width: 1024px) 100vw, 1024px\" \/><\/a><\/figure>\n<\/div>\n<\/div>\n\n\n\n<div class=\"wp-block-columns\">\n<div class=\"wp-block-column\">\n<figure class=\"wp-block-image size-large\"><a href=\"https:\/\/www.scharmuetzelseegrundschule.de\/wp-content\/uploads\/2022\/05\/signal-2022-05-11-13-09-48-130-4-2.jpg\"><img loading=\"lazy\" width=\"1024\" height=\"768\" src=\"https:\/\/www.scharmuetzelseegrundschule.de\/wp-content\/uploads\/2022\/05\/signal-2022-05-11-13-09-48-130-4-2-1024x768.jpg\" alt=\"\" class=\"wp-image-7537\" srcset=\"https:\/\/www.scharmuetzelseegrundschule.de\/wp-content\/uploads\/2022\/05\/signal-2022-05-11-13-09-48-130-4-2-1024x768.jpg 1024w, https:\/\/www.scharmuetzelseegrundschule.de\/wp-content\/uploads\/2022\/05\/signal-2022-05-11-13-09-48-130-4-2-300x225.jpg 300w, https:\/\/www.scharmuetzelseegrundschule.de\/wp-content\/uploads\/2022\/05\/signal-2022-05-11-13-09-48-130-4-2-768x576.jpg 768w, https:\/\/www.scharmuetzelseegrundschule.de\/wp-content\/uploads\/2022\/05\/signal-2022-05-11-13-09-48-130-4-2-1536x1152.jpg 1536w, https:\/\/www.scharmuetzelseegrundschule.de\/wp-content\/uploads\/2022\/05\/signal-2022-05-11-13-09-48-130-4-2-400x300.jpg 400w, https:\/\/www.scharmuetzelseegrundschule.de\/wp-content\/uploads\/2022\/05\/signal-2022-05-11-13-09-48-130-4-2.jpg 2048w\" sizes=\"(max-width: 1024px) 100vw, 1024px\" \/><\/a><\/figure>\n<\/div>\n\n\n\n<div class=\"wp-block-column\">\n<figure class=\"wp-block-image size-large\"><a href=\"https:\/\/www.scharmuetzelseegrundschule.de\/wp-content\/uploads\/2022\/05\/signal-2022-05-11-13-09-48-130-5-2.jpg\"><img loading=\"lazy\" width=\"1024\" height=\"768\" src=\"https:\/\/www.scharmuetzelseegrundschule.de\/wp-content\/uploads\/2022\/05\/signal-2022-05-11-13-09-48-130-5-2-1024x768.jpg\" alt=\"\" class=\"wp-image-7538\" srcset=\"https:\/\/www.scharmuetzelseegrundschule.de\/wp-content\/uploads\/2022\/05\/signal-2022-05-11-13-09-48-130-5-2-1024x768.jpg 1024w, https:\/\/www.scharmuetzelseegrundschule.de\/wp-content\/uploads\/2022\/05\/signal-2022-05-11-13-09-48-130-5-2-300x225.jpg 300w, https:\/\/www.scharmuetzelseegrundschule.de\/wp-content\/uploads\/2022\/05\/signal-2022-05-11-13-09-48-130-5-2-768x576.jpg 768w, https:\/\/www.scharmuetzelseegrundschule.de\/wp-content\/uploads\/2022\/05\/signal-2022-05-11-13-09-48-130-5-2-1536x1152.jpg 1536w, https:\/\/www.scharmuetzelseegrundschule.de\/wp-content\/uploads\/2022\/05\/signal-2022-05-11-13-09-48-130-5-2-400x300.jpg 400w, https:\/\/www.scharmuetzelseegrundschule.de\/wp-content\/uploads\/2022\/05\/signal-2022-05-11-13-09-48-130-5-2.jpg 2048w\" sizes=\"(max-width: 1024px) 100vw, 1024px\" \/><\/a><\/figure>\n\n\n\n<p><\/p>\n<\/div>\n<\/div>\n\n\n\n<p><strong>Kleine Turnhalle<\/strong><\/p>\n\n\n\n<div class=\"wp-block-columns\">\n<div class=\"wp-block-column\">\n<div class=\"wp-block-image\"><figure class=\"aligncenter size-large\"><a href=\"https:\/\/www.scharmuetzelseegrundschule.de\/wp-content\/uploads\/2022\/05\/Kleine-Turnhalle-2.jpg\"><img loading=\"lazy\" width=\"1024\" height=\"768\" src=\"https:\/\/www.scharmuetzelseegrundschule.de\/wp-content\/uploads\/2022\/05\/Kleine-Turnhalle-2-1024x768.jpg\" alt=\"\" class=\"wp-image-7610\" srcset=\"https:\/\/www.scharmuetzelseegrundschule.de\/wp-content\/uploads\/2022\/05\/Kleine-Turnhalle-2-1024x768.jpg 1024w, https:\/\/www.scharmuetzelseegrundschule.de\/wp-content\/uploads\/2022\/05\/Kleine-Turnhalle-2-300x225.jpg 300w, https:\/\/www.scharmuetzelseegrundschule.de\/wp-content\/uploads\/2022\/05\/Kleine-Turnhalle-2-768x576.jpg 768w, https:\/\/www.scharmuetzelseegrundschule.de\/wp-content\/uploads\/2022\/05\/Kleine-Turnhalle-2-1536x1152.jpg 1536w, https:\/\/www.scharmuetzelseegrundschule.de\/wp-content\/uploads\/2022\/05\/Kleine-Turnhalle-2-400x300.jpg 400w, https:\/\/www.scharmuetzelseegrundschule.de\/wp-content\/uploads\/2022\/05\/Kleine-Turnhalle-2.jpg 2048w\" sizes=\"(max-width: 1024px) 100vw, 1024px\" \/><\/a><\/figure><\/div>\n<\/div>\n\n\n\n<div class=\"wp-block-column\">\n<div class=\"wp-block-image\"><figure class=\"aligncenter size-large is-resized\"><a href=\"https:\/\/www.scharmuetzelseegrundschule.de\/wp-content\/uploads\/2022\/05\/Kleine-Turnhalle-3-1.jpg\"><img loading=\"lazy\" src=\"https:\/\/www.scharmuetzelseegrundschule.de\/wp-content\/uploads\/2022\/05\/Kleine-Turnhalle-3-1-768x1024.jpg\" alt=\"\" class=\"wp-image-7611\" width=\"203\" height=\"277\"\/><\/a><\/figure><\/div>\n<\/div>\n<\/div>\n\n\n\n<p><strong>Sportwettk\u00e4mpfe<\/strong><br>Es finden \u00fcber das Schuljahr verteilt verschiedene Sportwettk\u00e4mpfe f\u00fcr die verschiedenen Jahrg\u00e4nge an unserer Schule statt.<br>Hier ein kurzer \u00dcberblick:<\/p>\n\n\n\n<p><strong>Scharm\u00fctzler<\/strong><br>Der \u201eScharm\u00fctzler\u201c ist ein Parcours aus verschiedenen Sportger\u00e4ten, \u00fcber den die Sch\u00fclerinnen und Sch\u00fcler der ersten und zweiten Klassen laufen, klettern, springen und schwingen.<\/p>\n\n\n\n<div class=\"wp-block-columns\">\n<div class=\"wp-block-column\">\n<figure class=\"wp-block-image size-large\"><a href=\"https:\/\/www.scharmuetzelseegrundschule.de\/wp-content\/uploads\/2022\/05\/Scharmuetzler-1-scaled.jpg\"><img loading=\"lazy\" width=\"768\" height=\"1024\" src=\"https:\/\/www.scharmuetzelseegrundschule.de\/wp-content\/uploads\/2022\/05\/Scharmuetzler-1-768x1024.jpg\" alt=\"\" class=\"wp-image-7541\" srcset=\"https:\/\/www.scharmuetzelseegrundschule.de\/wp-content\/uploads\/2022\/05\/Scharmuetzler-1-768x1024.jpg 768w, https:\/\/www.scharmuetzelseegrundschule.de\/wp-content\/uploads\/2022\/05\/Scharmuetzler-1-225x300.jpg 225w, https:\/\/www.scharmuetzelseegrundschule.de\/wp-content\/uploads\/2022\/05\/Scharmuetzler-1-1152x1536.jpg 1152w, https:\/\/www.scharmuetzelseegrundschule.de\/wp-content\/uploads\/2022\/05\/Scharmuetzler-1-1536x2048.jpg 1536w, https:\/\/www.scharmuetzelseegrundschule.de\/wp-content\/uploads\/2022\/05\/Scharmuetzler-1-scaled.jpg 1920w\" sizes=\"(max-width: 768px) 100vw, 768px\" \/><\/a><\/figure>\n<\/div>\n\n\n\n<div class=\"wp-block-column\">\n<figure class=\"wp-block-image size-large\"><a href=\"https:\/\/www.scharmuetzelseegrundschule.de\/wp-content\/uploads\/2022\/05\/Scharmuetzler-scaled.jpg\"><img loading=\"lazy\" width=\"768\" height=\"1024\" src=\"https:\/\/www.scharmuetzelseegrundschule.de\/wp-content\/uploads\/2022\/05\/Scharmuetzler-768x1024.jpg\" alt=\"\" class=\"wp-image-7542\" srcset=\"https:\/\/www.scharmuetzelseegrundschule.de\/wp-content\/uploads\/2022\/05\/Scharmuetzler-768x1024.jpg 768w, https:\/\/www.scharmuetzelseegrundschule.de\/wp-content\/uploads\/2022\/05\/Scharmuetzler-225x300.jpg 225w, https:\/\/www.scharmuetzelseegrundschule.de\/wp-content\/uploads\/2022\/05\/Scharmuetzler-1152x1536.jpg 1152w, https:\/\/www.scharmuetzelseegrundschule.de\/wp-content\/uploads\/2022\/05\/Scharmuetzler-1536x2048.jpg 1536w, https:\/\/www.scharmuetzelseegrundschule.de\/wp-content\/uploads\/2022\/05\/Scharmuetzler-scaled.jpg 1920w\" sizes=\"(max-width: 768px) 100vw, 768px\" \/><\/a><\/figure>\n<\/div>\n<\/div>\n\n\n\n<div class=\"wp-block-columns\">\n<div class=\"wp-block-column\">\n<figure class=\"wp-block-image size-large\"><a href=\"https:\/\/www.scharmuetzelseegrundschule.de\/wp-content\/uploads\/2022\/05\/Scharmuetzler-2-scaled.jpg\"><img loading=\"lazy\" width=\"768\" height=\"1024\" src=\"https:\/\/www.scharmuetzelseegrundschule.de\/wp-content\/uploads\/2022\/05\/Scharmuetzler-2-768x1024.jpg\" alt=\"\" class=\"wp-image-7543\" srcset=\"https:\/\/www.scharmuetzelseegrundschule.de\/wp-content\/uploads\/2022\/05\/Scharmuetzler-2-768x1024.jpg 768w, https:\/\/www.scharmuetzelseegrundschule.de\/wp-content\/uploads\/2022\/05\/Scharmuetzler-2-225x300.jpg 225w, https:\/\/www.scharmuetzelseegrundschule.de\/wp-content\/uploads\/2022\/05\/Scharmuetzler-2-1152x1536.jpg 1152w, https:\/\/www.scharmuetzelseegrundschule.de\/wp-content\/uploads\/2022\/05\/Scharmuetzler-2-1536x2048.jpg 1536w, https:\/\/www.scharmuetzelseegrundschule.de\/wp-content\/uploads\/2022\/05\/Scharmuetzler-2-scaled.jpg 1920w\" sizes=\"(max-width: 768px) 100vw, 768px\" \/><\/a><\/figure>\n<\/div>\n\n\n\n<div class=\"wp-block-column\">\n<figure class=\"wp-block-image size-large\"><a href=\"https:\/\/www.scharmuetzelseegrundschule.de\/wp-content\/uploads\/2022\/05\/Scharmuetzler-3-scaled.jpg\"><img loading=\"lazy\" width=\"768\" height=\"1024\" src=\"https:\/\/www.scharmuetzelseegrundschule.de\/wp-content\/uploads\/2022\/05\/Scharmuetzler-3-768x1024.jpg\" alt=\"\" class=\"wp-image-7544\" srcset=\"https:\/\/www.scharmuetzelseegrundschule.de\/wp-content\/uploads\/2022\/05\/Scharmuetzler-3-768x1024.jpg 768w, https:\/\/www.scharmuetzelseegrundschule.de\/wp-content\/uploads\/2022\/05\/Scharmuetzler-3-225x300.jpg 225w, https:\/\/www.scharmuetzelseegrundschule.de\/wp-content\/uploads\/2022\/05\/Scharmuetzler-3-1152x1536.jpg 1152w, https:\/\/www.scharmuetzelseegrundschule.de\/wp-content\/uploads\/2022\/05\/Scharmuetzler-3-1536x2048.jpg 1536w, https:\/\/www.scharmuetzelseegrundschule.de\/wp-content\/uploads\/2022\/05\/Scharmuetzler-3-scaled.jpg 1920w\" sizes=\"(max-width: 768px) 100vw, 768px\" \/><\/a><\/figure>\n<\/div>\n<\/div>\n\n\n\n<p><strong>Ball \u00fcber die Schnur Turnier f\u00fcr die 3. und 4. Klassen<\/strong><\/p>\n\n\n\n<p><strong>Zwei-Felder-Ball Turnier f\u00fcr die 5. und 6. Klassen<\/strong><\/p>\n\n\n\n<p><strong>Speedy-Cup f\u00fcr alle Jahrg\u00e4nge<\/strong> <br>Die Sch\u00fclerinnen und Sch\u00fcler laufen eine Strecke von 30 Metern, so schnell sie k\u00f6nnen. Die Zeit wird mit einer Lichtschranke gemessen.<\/p>\n\n\n\n<figure class=\"wp-block-image size-full\"><a href=\"https:\/\/www.scharmuetzelseegrundschule.de\/wp-content\/uploads\/2022\/05\/20170512_1031081-1024x576-2.jpg\"><img loading=\"lazy\" width=\"1024\" height=\"576\" src=\"https:\/\/www.scharmuetzelseegrundschule.de\/wp-content\/uploads\/2022\/05\/20170512_1031081-1024x576-2.jpg\" alt=\"\" class=\"wp-image-7624\" srcset=\"https:\/\/www.scharmuetzelseegrundschule.de\/wp-content\/uploads\/2022\/05\/20170512_1031081-1024x576-2.jpg 1024w, https:\/\/www.scharmuetzelseegrundschule.de\/wp-content\/uploads\/2022\/05\/20170512_1031081-1024x576-2-300x169.jpg 300w, https:\/\/www.scharmuetzelseegrundschule.de\/wp-content\/uploads\/2022\/05\/20170512_1031081-1024x576-2-768x432.jpg 768w, https:\/\/www.scharmuetzelseegrundschule.de\/wp-content\/uploads\/2022\/05\/20170512_1031081-1024x576-2-500x281.jpg 500w\" sizes=\"(max-width: 1024px) 100vw, 1024px\" \/><\/a><\/figure>\n\n\n\n<p><strong>Krumme Lanke-Lauf f\u00fcr die 4. bis 6. Klassen <\/strong><br>Alle Sch\u00fclerinnen und Sch\u00fcler der 4.-6. Klassen laufen eine Runde um die Krumme Lanke.<\/p>\n\n\n\n<p><strong>Bundesjungendspiele Turnen im Winter und Bundesjungendspiele Leichtathletik im Sommer<\/strong><\/p>\n\n\n\n<p><strong>Weitere schulinterne, optionale Sportturniere an unserer Schule: <\/strong><br>Europalauf, Spendenlauf, Tischtennisturnier<\/p>\n\n\n\n<div class=\"wp-block-columns\">\n<div class=\"wp-block-column\">\n<figure class=\"wp-block-image size-full\"><a href=\"https:\/\/www.scharmuetzelseegrundschule.de\/wp-content\/uploads\/2022\/05\/WIR-JOGGEN-DURCH-EUROPA-2.png\"><img loading=\"lazy\" width=\"916\" height=\"670\" src=\"https:\/\/www.scharmuetzelseegrundschule.de\/wp-content\/uploads\/2022\/05\/WIR-JOGGEN-DURCH-EUROPA-2.png\" alt=\"\" class=\"wp-image-7551\" srcset=\"https:\/\/www.scharmuetzelseegrundschule.de\/wp-content\/uploads\/2022\/05\/WIR-JOGGEN-DURCH-EUROPA-2.png 916w, https:\/\/www.scharmuetzelseegrundschule.de\/wp-content\/uploads\/2022\/05\/WIR-JOGGEN-DURCH-EUROPA-2-300x219.png 300w, https:\/\/www.scharmuetzelseegrundschule.de\/wp-content\/uploads\/2022\/05\/WIR-JOGGEN-DURCH-EUROPA-2-768x562.png 768w, https:\/\/www.scharmuetzelseegrundschule.de\/wp-content\/uploads\/2022\/05\/WIR-JOGGEN-DURCH-EUROPA-2-410x300.png 410w\" sizes=\"(max-width: 916px) 100vw, 916px\" \/><\/a><\/figure>\n<\/div>\n\n\n\n<div class=\"wp-block-column\">\n<figure class=\"wp-block-image size-full\"><a href=\"https:\/\/www.scharmuetzelseegrundschule.de\/wp-content\/uploads\/2022\/05\/ziel-Paris-1-1024x766-1.png\"><img loading=\"lazy\" width=\"1024\" height=\"766\" src=\"https:\/\/www.scharmuetzelseegrundschule.de\/wp-content\/uploads\/2022\/05\/ziel-Paris-1-1024x766-1.png\" alt=\"\" class=\"wp-image-7552\" srcset=\"https:\/\/www.scharmuetzelseegrundschule.de\/wp-content\/uploads\/2022\/05\/ziel-Paris-1-1024x766-1.png 1024w, https:\/\/www.scharmuetzelseegrundschule.de\/wp-content\/uploads\/2022\/05\/ziel-Paris-1-1024x766-1-300x224.png 300w, https:\/\/www.scharmuetzelseegrundschule.de\/wp-content\/uploads\/2022\/05\/ziel-Paris-1-1024x766-1-768x575.png 768w, https:\/\/www.scharmuetzelseegrundschule.de\/wp-content\/uploads\/2022\/05\/ziel-Paris-1-1024x766-1-401x300.png 401w\" sizes=\"(max-width: 1024px) 100vw, 1024px\" \/><\/a><\/figure>\n<\/div>\n<\/div>\n\n\n\n<p><strong>Neben schulinternen Sportwettk\u00e4mpfen nimmt die Scharm\u00fctzelsee-Grundschule an zahlreichen bezirklichen und regionalen Sportwettk\u00e4mpfen teil:<\/strong><br>&#8211; Leichtathletik-Wettkampf (Staffell\u00e4ufe)<br>&#8211; Mini-Marathon<br>&#8211; Cross-Lauf<br>&#8211; Fu\u00dfballturniere, z.B. Drumbo-Cup<br>&#8211; Handballturniere<\/p>\n\n\n\n<p><\/p>\n","protected":false},"excerpt":{"rendered":"<p>Die Scharm\u00fctzelsee-Grundschule ist eine sportbetonte Schule.N\u00e4here Informationen finden Sie unter dem Schulprofil Sportbetonung. An der Scharm\u00fctzelsee-Grundschule gibt es eine gro\u00dfe und eine kleine Turnhalle, in der der Sportunterricht stattfindet. Gro\u00dfe Turnhalle Kleine Turnhalle Sportwettk\u00e4mpfeEs finden \u00fcber das Schuljahr verteilt verschiedene &hellip; <a href=\"https:\/\/www.scharmuetzelseegrundschule.de\/?page_id=7525\">Weiterlesen <span class=\"meta-nav\">&rarr;<\/span><\/a><\/p>\n","protected":false},"author":14,"featured_media":0,"parent":0,"menu_order":0,"comment_status":"closed","ping_status":"closed","template":"","meta":{"ngg_post_thumbnail":0},"_links":{"self":[{"href":"https:\/\/www.scharmuetzelseegrundschule.de\/index.php?rest_route=\/wp\/v2\/pages\/7525"}],"collection":[{"href":"https:\/\/www.scharmuetzelseegrundschule.de\/index.php?rest_route=\/wp\/v2\/pages"}],"about":[{"href":"https:\/\/www.scharmuetzelseegrundschule.de\/index.php?rest_route=\/wp\/v2\/types\/page"}],"author":[{"embeddable":true,"href":"https:\/\/www.scharmuetzelseegrundschule.de\/index.php?rest_route=\/wp\/v2\/users\/14"}],"replies":[{"embeddable":true,"href":"https:\/\/www.scharmuetzelseegrundschule.de\/index.php?rest_route=%2Fwp%2Fv2%2Fcomments&post=7525"}],"version-history":[{"count":22,"href":"https:\/\/www.scharmuetzelseegrundschule.de\/index.php?rest_route=\/wp\/v2\/pages\/7525\/revisions"}],"predecessor-version":[{"id":8060,"href":"https:\/\/www.scharmuetzelseegrundschule.de\/index.php?rest_route=\/wp\/v2\/pages\/7525\/revisions\/8060"}],"wp:attachment":[{"href":"https:\/\/www.scharmuetzelseegrundschule.de\/index.php?rest_route=%2Fwp%2Fv2%2Fmedia&parent=7525"}],"curies":[{"name":"wp","href":"https:\/\/api.w.org\/{rel}","templated":true}]}}