{"id":7478,"date":"2022-05-16T10:23:59","date_gmt":"2022-05-16T08:23:59","guid":{"rendered":"https:\/\/www.scharmuetzelseegrundschule.de\/?page_id=7478"},"modified":"2023-03-27T15:39:33","modified_gmt":"2023-03-27T13:39:33","slug":"seniorpartner-in-school-sis","status":"publish","type":"page","link":"https:\/\/www.scharmuetzelseegrundschule.de\/?page_id=7478","title":{"rendered":"Seniorpartner in School (SiS)"},"content":{"rendered":"\n<p>Die Seniorpartner in School (SiS) sind eine Organisation, bei der sich Seniorinnen und Senioren ehrenamtlich in Schulen engagieren. Die ausgebildeten Mitarbeiterinnen und Mitarbeiter helfen unseren Sch\u00fclerinnen und Sch\u00fclern Konflikte gewaltfrei durch Mediation zu l\u00f6sen. Die Seniorpartner bieten vertrauensvolle Einzel- und Gruppengespr\u00e4che f\u00fcr die Sch\u00fclerinnen und Sch\u00fcler in der Schule an, um Konflikte, Sorgen oder N\u00f6te zu besprechen. Die SiS unterst\u00fctzen die Kinder bei einer gewaltfreien Konfliktl\u00f6sung und setzen sich f\u00fcr ein respektvolles Miteinander ein. Hierf\u00fcr nehmen sich die Seniorpartner Zeit, die im Schultag oft fehlt.<\/p>\n\n\n\n<div class=\"wp-block-image\"><figure class=\"aligncenter size-medium\"><a href=\"https:\/\/www.scharmuetzelseegrundschule.de\/wp-content\/uploads\/2022\/05\/senior-partner-1-1024x727-1.png\"><img loading=\"lazy\" width=\"300\" height=\"213\" src=\"https:\/\/www.scharmuetzelseegrundschule.de\/wp-content\/uploads\/2022\/05\/senior-partner-1-1024x727-1-300x213.png\" alt=\"\" class=\"wp-image-7504\" srcset=\"https:\/\/www.scharmuetzelseegrundschule.de\/wp-content\/uploads\/2022\/05\/senior-partner-1-1024x727-1-300x213.png 300w, https:\/\/www.scharmuetzelseegrundschule.de\/wp-content\/uploads\/2022\/05\/senior-partner-1-1024x727-1-768x545.png 768w, https:\/\/www.scharmuetzelseegrundschule.de\/wp-content\/uploads\/2022\/05\/senior-partner-1-1024x727-1-423x300.png 423w, https:\/\/www.scharmuetzelseegrundschule.de\/wp-content\/uploads\/2022\/05\/senior-partner-1-1024x727-1.png 1024w\" sizes=\"(max-width: 300px) 100vw, 300px\" \/><\/a><\/figure><\/div>\n\n\n\n<p>Unsere Mediatoren und Mediatorinnen arbeiten im Zweiter-Team an zwei festen Wochentagen an unser Schule. <br><strong>Erstes Team am Montag von 09:45 Uhr bis 13:00 Uhr<\/strong><\/p>\n\n\n\n<div class=\"wp-block-columns\">\n<div class=\"wp-block-column\">\n<figure class=\"wp-block-image size-medium\"><a href=\"https:\/\/www.scharmuetzelseegrundschule.de\/wp-content\/uploads\/2022\/05\/Gudrun-Oldoerp.jpg\"><img loading=\"lazy\" width=\"216\" height=\"300\" src=\"https:\/\/www.scharmuetzelseegrundschule.de\/wp-content\/uploads\/2022\/05\/Gudrun-Oldoerp-216x300.jpg\" alt=\"\" class=\"wp-image-7480\" srcset=\"https:\/\/www.scharmuetzelseegrundschule.de\/wp-content\/uploads\/2022\/05\/Gudrun-Oldoerp-216x300.jpg 216w, https:\/\/www.scharmuetzelseegrundschule.de\/wp-content\/uploads\/2022\/05\/Gudrun-Oldoerp.jpg 431w\" sizes=\"(max-width: 216px) 100vw, 216px\" \/><\/a><figcaption>Gudrun Old\u00f6rp<\/figcaption><\/figure>\n<\/div>\n\n\n\n<div class=\"wp-block-column\">\n<figure class=\"wp-block-image size-medium\"><a href=\"https:\/\/www.scharmuetzelseegrundschule.de\/wp-content\/uploads\/2022\/05\/Halina-Schneeweiss.jpg\"><img loading=\"lazy\" width=\"225\" height=\"300\" src=\"https:\/\/www.scharmuetzelseegrundschule.de\/wp-content\/uploads\/2022\/05\/Halina-Schneeweiss-225x300.jpg\" alt=\"\" class=\"wp-image-7481\" srcset=\"https:\/\/www.scharmuetzelseegrundschule.de\/wp-content\/uploads\/2022\/05\/Halina-Schneeweiss-225x300.jpg 225w, https:\/\/www.scharmuetzelseegrundschule.de\/wp-content\/uploads\/2022\/05\/Halina-Schneeweiss-768x1025.jpg 768w, https:\/\/www.scharmuetzelseegrundschule.de\/wp-content\/uploads\/2022\/05\/Halina-Schneeweiss-1151x1536.jpg 1151w, https:\/\/www.scharmuetzelseegrundschule.de\/wp-content\/uploads\/2022\/05\/Halina-Schneeweiss.jpg 1215w\" sizes=\"(max-width: 225px) 100vw, 225px\" \/><\/a><figcaption>Halina Schneeweiss<\/figcaption><\/figure>\n<\/div>\n<\/div>\n\n\n\n<p><strong>Zweites Team am Donnerstag von 09:45 Uhr bis 13:00 Uhr<\/strong><\/p>\n\n\n\n<div class=\"wp-block-columns\">\n<div class=\"wp-block-column\">\n<figure class=\"wp-block-image size-medium\"><a href=\"https:\/\/www.scharmuetzelseegrundschule.de\/wp-content\/uploads\/2022\/05\/Gabriele-Knapp.jpg\"><img loading=\"lazy\" width=\"196\" height=\"300\" src=\"https:\/\/www.scharmuetzelseegrundschule.de\/wp-content\/uploads\/2022\/05\/Gabriele-Knapp-196x300.jpg\" alt=\"\" class=\"wp-image-7485\" srcset=\"https:\/\/www.scharmuetzelseegrundschule.de\/wp-content\/uploads\/2022\/05\/Gabriele-Knapp-196x300.jpg 196w, https:\/\/www.scharmuetzelseegrundschule.de\/wp-content\/uploads\/2022\/05\/Gabriele-Knapp.jpg 398w\" sizes=\"(max-width: 196px) 100vw, 196px\" \/><\/a><figcaption>Gabriele Knapp&nbsp;<\/figcaption><\/figure>\n<\/div>\n\n\n\n<div class=\"wp-block-column\">\n<figure class=\"wp-block-image size-full is-resized\"><a href=\"https:\/\/www.scharmuetzelseegrundschule.de\/wp-content\/uploads\/2023\/03\/IMG-20230224-WA0000-Werner-Wilkens.jpg\"><img loading=\"lazy\" src=\"https:\/\/www.scharmuetzelseegrundschule.de\/wp-content\/uploads\/2023\/03\/IMG-20230224-WA0000-Werner-Wilkens.jpg\" alt=\"\" class=\"wp-image-8643\" width=\"252\" height=\"296\" srcset=\"https:\/\/www.scharmuetzelseegrundschule.de\/wp-content\/uploads\/2023\/03\/IMG-20230224-WA0000-Werner-Wilkens.jpg 305w, https:\/\/www.scharmuetzelseegrundschule.de\/wp-content\/uploads\/2023\/03\/IMG-20230224-WA0000-Werner-Wilkens-256x300.jpg 256w\" sizes=\"(max-width: 252px) 100vw, 252px\" \/><\/a><figcaption>Werner Wilkens<\/figcaption><\/figure>\n<\/div>\n<\/div>\n\n\n\n<p><\/p>\n","protected":false},"excerpt":{"rendered":"<p>Die Seniorpartner in School (SiS) sind eine Organisation, bei der sich Seniorinnen und Senioren ehrenamtlich in Schulen engagieren. Die ausgebildeten Mitarbeiterinnen und Mitarbeiter helfen unseren Sch\u00fclerinnen und Sch\u00fclern Konflikte gewaltfrei durch Mediation zu l\u00f6sen. Die Seniorpartner bieten vertrauensvolle Einzel- und &hellip; <a href=\"https:\/\/www.scharmuetzelseegrundschule.de\/?page_id=7478\">Weiterlesen <span class=\"meta-nav\">&rarr;<\/span><\/a><\/p>\n","protected":false},"author":14,"featured_media":0,"parent":0,"menu_order":0,"comment_status":"closed","ping_status":"closed","template":"","meta":{"ngg_post_thumbnail":0},"_links":{"self":[{"href":"https:\/\/www.scharmuetzelseegrundschule.de\/index.php?rest_route=\/wp\/v2\/pages\/7478"}],"collection":[{"href":"https:\/\/www.scharmuetzelseegrundschule.de\/index.php?rest_route=\/wp\/v2\/pages"}],"about":[{"href":"https:\/\/www.scharmuetzelseegrundschule.de\/index.php?rest_route=\/wp\/v2\/types\/page"}],"author":[{"embeddable":true,"href":"https:\/\/www.scharmuetzelseegrundschule.de\/index.php?rest_route=\/wp\/v2\/users\/14"}],"replies":[{"embeddable":true,"href":"https:\/\/www.scharmuetzelseegrundschule.de\/index.php?rest_route=%2Fwp%2Fv2%2Fcomments&post=7478"}],"version-history":[{"count":10,"href":"https:\/\/www.scharmuetzelseegrundschule.de\/index.php?rest_route=\/wp\/v2\/pages\/7478\/revisions"}],"predecessor-version":[{"id":8645,"href":"https:\/\/www.scharmuetzelseegrundschule.de\/index.php?rest_route=\/wp\/v2\/pages\/7478\/revisions\/8645"}],"wp:attachment":[{"href":"https:\/\/www.scharmuetzelseegrundschule.de\/index.php?rest_route=%2Fwp%2Fv2%2Fmedia&parent=7478"}],"curies":[{"name":"wp","href":"https:\/\/api.w.org\/{rel}","templated":true}]}}