{"id":5969,"date":"2019-03-10T19:19:21","date_gmt":"2019-03-10T17:19:21","guid":{"rendered":"http:\/\/www.scharmuetzelseegrundschule.de\/?page_id=5969"},"modified":"2022-05-05T12:30:05","modified_gmt":"2022-05-05T10:30:05","slug":"franzosisch","status":"publish","type":"page","link":"https:\/\/www.scharmuetzelseegrundschule.de\/?page_id=5969","title":{"rendered":"Franz\u00f6sisch"},"content":{"rendered":"\n<figure class=\"wp-block-image size-large\"><a href=\"https:\/\/www.scharmuetzelseegrundschule.de\/wp-content\/uploads\/2022\/05\/Comic_SW-scaled.jpg\"><img loading=\"lazy\" width=\"1024\" height=\"724\" src=\"https:\/\/www.scharmuetzelseegrundschule.de\/wp-content\/uploads\/2022\/05\/Comic_SW-1024x724.jpg\" alt=\"\" class=\"wp-image-7424\" srcset=\"https:\/\/www.scharmuetzelseegrundschule.de\/wp-content\/uploads\/2022\/05\/Comic_SW-1024x724.jpg 1024w, https:\/\/www.scharmuetzelseegrundschule.de\/wp-content\/uploads\/2022\/05\/Comic_SW-300x212.jpg 300w, https:\/\/www.scharmuetzelseegrundschule.de\/wp-content\/uploads\/2022\/05\/Comic_SW-768x543.jpg 768w, https:\/\/www.scharmuetzelseegrundschule.de\/wp-content\/uploads\/2022\/05\/Comic_SW-1536x1086.jpg 1536w, https:\/\/www.scharmuetzelseegrundschule.de\/wp-content\/uploads\/2022\/05\/Comic_SW-2048x1448.jpg 2048w, https:\/\/www.scharmuetzelseegrundschule.de\/wp-content\/uploads\/2022\/05\/Comic_SW-424x300.jpg 424w\" sizes=\"(max-width: 1024px) 100vw, 1024px\" \/><\/a><\/figure>\n\n\n\n<p><\/p>\n\n\n<p>Filme:<\/p>\n<ul>\n<li><a href=\"https:\/\/www.scharmuetzelseegrundschule.de\/wp-content\/uploads\/2021\/02\/Franzoesisch_ein-gute-Wahl.mp4\">Franz\u00f6sisch, eine gute Wahl &#8211; Ehemalige erz\u00e4hlen<\/a><\/li>\n<li><a href=\"https:\/\/www.scharmuetzelseegrundschule.de\/wp-content\/uploads\/2021\/02\/Schnee.mp4\">Unterrichtsbeispiel aus der 3. Klasse<\/a><\/li>\n<li><a href=\"https:\/\/www.scharmuetzelseegrundschule.de\/wp-content\/uploads\/2021\/02\/Bilderbuch.mp4\" target=\"_blank\" rel=\"noreferrer noopener\" data-type=\"URL\">Unterrichtsbeispiel aus der 6. Klasse<\/a><\/li>\n<\/ul>\n<p><a href=\"https:\/\/www.scharmuetzelseegrundschule.de\/?page_id=6468\">Gr\u00fcnde f\u00fcr Franz\u00f6sisch allgemein und an der SGS<\/a><\/p>\n<p><a href=\"https:\/\/www.scharmuetzelseegrundschule.de\/?page_id=6473\">Werbeflyer<\/a><\/p>\n<p><a href=\"https:\/\/www.scharmuetzelseegrundschule.de\/?page_id=6477\">Liste der weiterf\u00fchrenden Schulen mit Franz\u00f6sisch als 1. Fremdsprache<\/a><\/p>\n<p><a href=\"https:\/\/www.scharmuetzelseegrundschule.de\/?page_id=7416\">Frankreichfahrten<\/a><\/p>\n\n\n<p><\/p>\n","protected":false},"excerpt":{"rendered":"<p>Filme: Franz\u00f6sisch, eine gute Wahl &#8211; Ehemalige erz\u00e4hlen Unterrichtsbeispiel aus der 3. Klasse Unterrichtsbeispiel aus der 6. Klasse Gr\u00fcnde f\u00fcr Franz\u00f6sisch allgemein und an der SGS Werbeflyer Liste der weiterf\u00fchrenden Schulen mit Franz\u00f6sisch als 1. Fremdsprache Frankreichfahrten<\/p>\n","protected":false},"author":11,"featured_media":0,"parent":0,"menu_order":2,"comment_status":"closed","ping_status":"closed","template":"","meta":{"ngg_post_thumbnail":0},"_links":{"self":[{"href":"https:\/\/www.scharmuetzelseegrundschule.de\/index.php?rest_route=\/wp\/v2\/pages\/5969"}],"collection":[{"href":"https:\/\/www.scharmuetzelseegrundschule.de\/index.php?rest_route=\/wp\/v2\/pages"}],"about":[{"href":"https:\/\/www.scharmuetzelseegrundschule.de\/index.php?rest_route=\/wp\/v2\/types\/page"}],"author":[{"embeddable":true,"href":"https:\/\/www.scharmuetzelseegrundschule.de\/index.php?rest_route=\/wp\/v2\/users\/11"}],"replies":[{"embeddable":true,"href":"https:\/\/www.scharmuetzelseegrundschule.de\/index.php?rest_route=%2Fwp%2Fv2%2Fcomments&post=5969"}],"version-history":[{"count":17,"href":"https:\/\/www.scharmuetzelseegrundschule.de\/index.php?rest_route=\/wp\/v2\/pages\/5969\/revisions"}],"predecessor-version":[{"id":7426,"href":"https:\/\/www.scharmuetzelseegrundschule.de\/index.php?rest_route=\/wp\/v2\/pages\/5969\/revisions\/7426"}],"wp:attachment":[{"href":"https:\/\/www.scharmuetzelseegrundschule.de\/index.php?rest_route=%2Fwp%2Fv2%2Fmedia&parent=5969"}],"curies":[{"name":"wp","href":"https:\/\/api.w.org\/{rel}","templated":true}]}}