{"id":368,"date":"2011-05-24T11:34:07","date_gmt":"2011-05-24T11:34:07","guid":{"rendered":"http:\/\/vorschau.fvsgs.de\/?page_id=368"},"modified":"2025-03-17T13:33:18","modified_gmt":"2025-03-17T11:33:18","slug":"das-gremium","status":"publish","type":"page","link":"https:\/\/www.scharmuetzelseegrundschule.de\/?page_id=368","title":{"rendered":"Das Gremium"},"content":{"rendered":"<p>Die Gesamtelternvertretung (GEV) besteht aus den Klassenelternsprecherinnen oder Klassenelternsprechern der Schule (\u00a7 90 Abs. 1 Satz 1 SchulG). Pro Klasse werden in der Regel zwei gleichberechtigte Klassenelternsprecher oder Klassenelternsprecherinnen gew\u00e4hlt und sind damit stimmberechtigte Mitglieder der GEV. Die Mitgliedschaft in der GEV besteht qua Amt; eine eigenst\u00e4ndige Wahl in die GEV gibt es nicht. Die GEV ist das h\u00f6chste Elterngremium der Schule. Hier werden die Elterninteressen gegen\u00fcber der Schulleitung und Schule vertreten und wahrgenommen. Im Vordergrund stehen Themen, die die gesamte Schule betreffen. In der Regel finden vier Sitzungen der GEV w\u00e4hrend eines Schuljahres statt.<\/p>\n<p>\u00dcber Wahlen in der GEV k\u00f6nnen Elternvertreter und Elternvertreterinnen in weiteren schulischen und \u00fcberschulischen Gremien mitwirken:<\/p>\n<ul>\n<li>vier stimmberechtigte Mitglieder der Schulkonferenz<\/li>\n<li>zwei Mitglieder des Bezirkselternausschusses (BEA)<\/li>\n<li>je zwei beratende Mitglieder der Gesamtkonferenz der Lehrkr\u00e4fte und der Fachkonferenzen<\/li>\n<\/ul>\n<p>Die oder der Vorsitzende der GEV kann zu den Sitzungen G\u00e4ste einladen. G\u00e4ste k\u00f6nnen z.B. Referenten und Referentinnen bestimmter Themen sein, aber auch Sch\u00fclervertreterinnen und Sch\u00fclervertreter, Vertreter und Vertreterinnen des Lehrerkollegiums, der Ganztagsbetreuung, der Schulaufsichtsbeh\u00f6rde, des Bezirksamtes, bildungspolitische Sprecher der Parteien oder Vertreter anderer Elterngremien, wie der Bezirks- oder Landeselternausschusses, aber auch&nbsp; Elternvertreterinnen und Elternvertreter benachbarter Schulen.<\/p>\n<p>Die Mitglieder der GEV bekleiden ein \u00f6ffentliches Ehrenamt. Sie sind damit in Aus\u00fcbung ihrer T\u00e4tigkeit gegen K\u00f6rpersch\u00e4den gesetzlich unfallversichert. Weitergehende Anspr\u00fcche bestehen nicht, insbesondere wird kein Sitzungsgeld gezahlt. Die GEV ist nur beschlussf\u00e4hig, wenn mindestens ein Drittel der Mitglieder anwesend ist.<\/p>\n<p>Quelle: <a href=\"https:\/\/www.berlin.de\/sen\/bildung\/schule\/gute-schule\/mitwirkung-von-schuelern-und-eltern\/web_leitfaden_elternvertreter.pdf?ts=1705017673\">Senatsverwaltung f\u00fcr Bildung, Jugend und Wissenschaft, Leitfaden f\u00fcr Elternvertretungen an allgemeinbildenden Schulen, Auflage September 2023<\/a><\/p>\n\n\n<p><\/p>\n","protected":false},"excerpt":{"rendered":"<p>Die Gesamtelternvertretung (GEV) besteht aus den Klassenelternsprecherinnen oder Klassenelternsprechern der Schule (\u00a7 90 Abs. 1 Satz 1 SchulG). Pro Klasse werden in der Regel zwei gleichberechtigte Klassenelternsprecher oder Klassenelternsprecherinnen gew\u00e4hlt und sind damit stimmberechtigte Mitglieder der GEV. Die Mitgliedschaft in &hellip; <a href=\"https:\/\/www.scharmuetzelseegrundschule.de\/?page_id=368\">Weiterlesen <span class=\"meta-nav\">&rarr;<\/span><\/a><\/p>\n","protected":false},"author":5,"featured_media":0,"parent":0,"menu_order":0,"comment_status":"closed","ping_status":"closed","template":"","meta":{"ngg_post_thumbnail":0},"_links":{"self":[{"href":"https:\/\/www.scharmuetzelseegrundschule.de\/index.php?rest_route=\/wp\/v2\/pages\/368"}],"collection":[{"href":"https:\/\/www.scharmuetzelseegrundschule.de\/index.php?rest_route=\/wp\/v2\/pages"}],"about":[{"href":"https:\/\/www.scharmuetzelseegrundschule.de\/index.php?rest_route=\/wp\/v2\/types\/page"}],"author":[{"embeddable":true,"href":"https:\/\/www.scharmuetzelseegrundschule.de\/index.php?rest_route=\/wp\/v2\/users\/5"}],"replies":[{"embeddable":true,"href":"https:\/\/www.scharmuetzelseegrundschule.de\/index.php?rest_route=%2Fwp%2Fv2%2Fcomments&post=368"}],"version-history":[{"count":21,"href":"https:\/\/www.scharmuetzelseegrundschule.de\/index.php?rest_route=\/wp\/v2\/pages\/368\/revisions"}],"predecessor-version":[{"id":9540,"href":"https:\/\/www.scharmuetzelseegrundschule.de\/index.php?rest_route=\/wp\/v2\/pages\/368\/revisions\/9540"}],"wp:attachment":[{"href":"https:\/\/www.scharmuetzelseegrundschule.de\/index.php?rest_route=%2Fwp%2Fv2%2Fmedia&parent=368"}],"curies":[{"name":"wp","href":"https:\/\/api.w.org\/{rel}","templated":true}]}}