{"id":340,"date":"2011-05-24T11:20:31","date_gmt":"2011-05-24T11:20:31","guid":{"rendered":"http:\/\/vorschau.fvsgs.de\/?page_id=340"},"modified":"2024-02-02T13:12:15","modified_gmt":"2024-02-02T11:12:15","slug":"der-vorstand","status":"publish","type":"page","link":"https:\/\/www.scharmuetzelseegrundschule.de\/?page_id=340","title":{"rendered":"Mitgliedschaft &#038; Spenden"},"content":{"rendered":"<p><strong>Mitglied werden im F\u00f6rderverein<\/strong><\/p>\n<p>Wenn Sie Mitglied im F\u00f6rderverein werden m\u00f6chten, finden Sie am schwarzen Brett vor dem Sekretariat der Schule einen Flyer mit den n\u00f6tigen Infos. Oder Sie laden einfach hier das Formula herunter und geben dies ausgef\u00fcllt im Sekretariat ab bzw. senden einfach per E-Mail einen Scan an mail@fvsgs.de. Sie erhalten im Anschluss per E-Mail eine Best\u00e4tigung \u00fcber Ihre Mitgliedschaft. Wir freuen uns auf Sie!<\/p>\n\n\n<div class=\"wp-block-file\"><object class=\"wp-block-file__embed\" data=\"https:\/\/www.scharmuetzelseegrundschule.de\/wp-content\/uploads\/2024\/02\/Beitritts-Flyer-Foerderverein.pdf\" type=\"application\/pdf\" style=\"width:100%;height:450px\" aria-label=\"Einbettung von Beitritts-Flyer-Foerderverein.\"><\/object><a id=\"wp-block-file--media-25af8269-2a64-453f-830c-eeb03267ea8c\" href=\"https:\/\/www.scharmuetzelseegrundschule.de\/wp-content\/uploads\/2024\/02\/Beitritts-Flyer-Foerderverein.pdf\">Beitritts-Flyer-Foerderverein<\/a><a href=\"https:\/\/www.scharmuetzelseegrundschule.de\/wp-content\/uploads\/2024\/02\/Beitritts-Flyer-Foerderverein.pdf\" class=\"wp-block-file__button\" download aria-describedby=\"wp-block-file--media-25af8269-2a64-453f-830c-eeb03267ea8c\">Herunterladen<\/a><\/div>\n\n\n\n<p><strong>Spenden<\/strong><\/p>\n\n\n\n<p>Spenden k\u00f6nnen Sie jederzeit auf folgendes Konto t\u00e4tigen:<\/p>\n\n\n\n<p><strong>F\u00f6rderverein der Scharm\u00fctzelsee-Grundschule e.V. <\/strong><strong><br>IBAN: DE38 1007 0024 0213 6596 00<br>BIC: &nbsp; DEUTDEDBBE<\/strong><strong><\/strong><\/p>\n\n\n\n<p>Da der F\u00f6rderverein eine gemeinn\u00fctzige Einrichtung ist, k\u00f6nnen Mitgliedsbeitr\u00e4ge und Spenden steuerlich geltend gemacht werden. Bis zu einem Betrag von 300 EUR ist hierf\u00fcr auch keine Spendenbescheinigung n\u00f6tig, als Nachweis reicht der Kontoauszug oder \u00dcberweisungsbeleg.<\/p>\n\n\n\n<p>Im Namen der Kinder und Schule bedanken wir uns f\u00fcr jede Unterst\u00fctzung!<\/p>\n\n\n\n<p>Wenn Sie auch Lust haben im F\u00f6rderverein mitzumachen, sprechen Sie uns gerne an \u2013 wir freuen uns immer \u00fcber Anregungen und helfende H\u00e4nde.<\/p>\n","protected":false},"excerpt":{"rendered":"<p>Mitglied werden im F\u00f6rderverein Wenn Sie Mitglied im F\u00f6rderverein werden m\u00f6chten, finden Sie am schwarzen Brett vor dem Sekretariat der Schule einen Flyer mit den n\u00f6tigen Infos. Oder Sie laden einfach hier das Formula herunter und geben dies ausgef\u00fcllt im &hellip; <a href=\"https:\/\/www.scharmuetzelseegrundschule.de\/?page_id=340\">Weiterlesen <span class=\"meta-nav\">&rarr;<\/span><\/a><\/p>\n","protected":false},"author":4,"featured_media":0,"parent":94,"menu_order":0,"comment_status":"closed","ping_status":"closed","template":"","meta":{"ngg_post_thumbnail":0},"_links":{"self":[{"href":"https:\/\/www.scharmuetzelseegrundschule.de\/index.php?rest_route=\/wp\/v2\/pages\/340"}],"collection":[{"href":"https:\/\/www.scharmuetzelseegrundschule.de\/index.php?rest_route=\/wp\/v2\/pages"}],"about":[{"href":"https:\/\/www.scharmuetzelseegrundschule.de\/index.php?rest_route=\/wp\/v2\/types\/page"}],"author":[{"embeddable":true,"href":"https:\/\/www.scharmuetzelseegrundschule.de\/index.php?rest_route=\/wp\/v2\/users\/4"}],"replies":[{"embeddable":true,"href":"https:\/\/www.scharmuetzelseegrundschule.de\/index.php?rest_route=%2Fwp%2Fv2%2Fcomments&post=340"}],"version-history":[{"count":40,"href":"https:\/\/www.scharmuetzelseegrundschule.de\/index.php?rest_route=\/wp\/v2\/pages\/340\/revisions"}],"predecessor-version":[{"id":9105,"href":"https:\/\/www.scharmuetzelseegrundschule.de\/index.php?rest_route=\/wp\/v2\/pages\/340\/revisions\/9105"}],"up":[{"embeddable":true,"href":"https:\/\/www.scharmuetzelseegrundschule.de\/index.php?rest_route=\/wp\/v2\/pages\/94"}],"wp:attachment":[{"href":"https:\/\/www.scharmuetzelseegrundschule.de\/index.php?rest_route=%2Fwp%2Fv2%2Fmedia&parent=340"}],"curies":[{"name":"wp","href":"https:\/\/api.w.org\/{rel}","templated":true}]}}