{"id":27,"date":"2011-05-19T13:58:18","date_gmt":"2011-05-19T13:58:18","guid":{"rendered":"http:\/\/cwmo.de\/?page_id=27"},"modified":"2024-09-11T10:26:04","modified_gmt":"2024-09-11T08:26:04","slug":"aktuell","status":"publish","type":"page","link":"https:\/\/www.scharmuetzelseegrundschule.de\/?page_id=27","title":{"rendered":"Wir \u00fcber uns"},"content":{"rendered":"\n<p><strong>Herzlich willkommen auf der<\/strong> <em><br><\/em><\/p>\n\n\n\n<h2>Homepage der Scharm\u00fctzelsee-Grundschule<\/h2>\n\n\n\n<p>Mit dem folgenden Kurzprofil m\u00f6chten wir Ihnen einen ersten schnellen \u00dcberblick \u00fcber unsere Schule erm\u00f6glichen:<\/p>\n\n\n\n<p><strong>OFFENE GANZTAGSSCHULE<br><\/strong>Ganztagsbetreuung in Kooperation mit dem \u201aNachbarschaftsheim Sch\u00f6neberg e.V.\u2019<\/p>\n\n\n\n<p><strong>ANZAHL DER SCH\u00dcLERINNEN UND SCH\u00dcLER<\/strong><br>460 Kinder <strong><br><\/strong><\/p>\n\n\n\n<p><strong>KLASSEN<br><\/strong>Je 3 Klassen in den Jahrg\u00e4ngen 1 &#8211; 6  <br>Zwei Willkommensklassen f\u00fcr neu zugewanderte Sch\u00fclerinnen und Sch\u00fcler ohne Deutschkenntnisse ab Klasse 3<strong><br><\/strong><\/p>\n\n\n\n<p><strong>PERSONAL<br><\/strong>41 Lehrkr\u00e4fte und 23 Erziehende<\/p>\n\n\n\n<p><strong>SCHULANFANGSPHASE<br><\/strong>Jahrgangsbezogenes Lernen (JabL) auch in den 1. und 2. Klassen<\/p>\n\n\n\n<p><strong>SPORTBETONTES PROFIL<\/strong><\/p>\n\n\n\n<ul><li>zus\u00e4tzliche Sportstunde<\/li><li>ab Klasse 4 eine zus\u00e4tzliche verbindliche Sport AG am Nachmittag<\/li><li>Teilnahme an schulischen und regionalen Sportveranstaltungen<\/li><li>interne sportliche Veranstaltungen (Scharm\u00fctzler, Speedy Cup, Krumme Lanke Lauf,<\/li><li>Zwei-Felder &#8211; Ball &#8211; Turnier, Ball \u00fcber die Schnur Turnier, Bundesjugendspiele im Sommer und im Winter &#8230;)<\/li><li>Pausensport<\/li><\/ul>\n\n\n\n<p><strong>MUSIKALISCHE SCHWERPUNKTSETZUNG<\/strong><\/p>\n\n\n\n<ul><li>Kooperation mit der Leo-Kestenberg Musikschule (zahlreiche Musikkurse am Nachmittag im Schulhaus)<\/li><li>Fortsetzung der in der Kita am Kleistpark begonnenen musikalischen Fr\u00fcherziehung in 2 Klassen der Schulanfangsphase<\/li><li>Kooperation mit dem Deutschen Chorverband e.V.<\/li><li>Musikabende<\/li><li>zur Zeit Zertifizierung zur musikalischen Grundschule<\/li><\/ul>\n\n\n\n<p><strong>FREMDSPRACHEN<br><\/strong>Wahlm\u00f6glichkeit zwischen Englisch oder Franz\u00f6sisch als 1. Fremdsprache ab Klasse 3<\/p>\n\n\n\n<p><strong>GRO\u00dfES AG \u2013 ANGEBOT AM NACHMITTAG<\/strong><\/p>\n\n\n\n<ul><li>Zur Zeit 27 AGs im Bereich Sport, Musik, Theater &#8230;<\/li><li>verbindliche Fahrrad AG in allen 2. Klassen<\/li><\/ul>\n\n\n\n<p><strong>INTEGRATION \/ INKLUSION&nbsp; <\/strong><em><a style=\"text-decoration: none;\" title=\"\u00dcbergangsklasse\" href=\"http:\/\/www.scharmuetzelseegrundschule.de\/?page_id=1527\">&#8230;mehr Infos<\/a><\/em><\/p>\n\n\n\n<ul><li>F\u00f6rderung von ca. 23 Kindern mit sonderp\u00e4dagogischem F\u00f6rderbedarf<\/li><li>Projekt \u201a<a style=\"text-decoration: none;\" title=\"\u00dcbergangsklasse\" href=\"http:\/\/www.scharmuetzelseegrundschule.de\/?page_id=1527#uebergangsklasse\">\u00dcbergangsklasse<\/a>\u2019<\/li><li><a style=\"text-decoration: none;\" title=\"\u00dcbergangsklasse\" href=\"http:\/\/www.scharmuetzelseegrundschule.de\/?page_id=1527#foerderklasse\">Willkommensklasse<\/a> (Neuzug\u00e4nge ohne Deutschkenntnisse)<\/li><\/ul>\n\n\n\n<p><strong>SOZIALES KOMPETENZTRAINING<\/strong><\/p>\n\n\n\n<ul><li>\u201eFaustlos \u2013 Training\u201c in den Klassen 1-3<\/li><li>\u201eBuddys\u201c f\u00fcr den Pausenhof<\/li><li>Sch\u00fclerinnen- und Sch\u00fclervertretung<\/li><li>Teilnahme am Kinder- und Jugendparlament<\/li><\/ul>\n\n\n\n<p><strong>SCHULHOFGESTALTUNG- UND BEGR\u00dcNUNG<\/strong><\/p>\n\n\n\n<ul><li>monatliches Gr\u00fcngruppentreffen mit Lehrkr\u00e4ften, Erziehenden, Eltern, Sch\u00fclerinnen und Sch\u00fclern<\/li><li>Pflege eines eigenen Klassenbeetes f\u00fcr jede Klasse<\/li><\/ul>\n","protected":false},"excerpt":{"rendered":"<p>Herzlich willkommen auf der Homepage der Scharm\u00fctzelsee-Grundschule Mit dem folgenden Kurzprofil m\u00f6chten wir Ihnen einen ersten schnellen \u00dcberblick \u00fcber unsere Schule erm\u00f6glichen: OFFENE GANZTAGSSCHULEGanztagsbetreuung in Kooperation mit dem \u201aNachbarschaftsheim Sch\u00f6neberg e.V.\u2019 ANZAHL DER SCH\u00dcLERINNEN UND SCH\u00dcLER460 Kinder KLASSENJe 3 Klassen &hellip; <a href=\"https:\/\/www.scharmuetzelseegrundschule.de\/?page_id=27\">Weiterlesen <span class=\"meta-nav\">&rarr;<\/span><\/a><\/p>\n","protected":false},"author":2,"featured_media":0,"parent":0,"menu_order":1,"comment_status":"closed","ping_status":"closed","template":"","meta":{"ngg_post_thumbnail":0},"_links":{"self":[{"href":"https:\/\/www.scharmuetzelseegrundschule.de\/index.php?rest_route=\/wp\/v2\/pages\/27"}],"collection":[{"href":"https:\/\/www.scharmuetzelseegrundschule.de\/index.php?rest_route=\/wp\/v2\/pages"}],"about":[{"href":"https:\/\/www.scharmuetzelseegrundschule.de\/index.php?rest_route=\/wp\/v2\/types\/page"}],"author":[{"embeddable":true,"href":"https:\/\/www.scharmuetzelseegrundschule.de\/index.php?rest_route=\/wp\/v2\/users\/2"}],"replies":[{"embeddable":true,"href":"https:\/\/www.scharmuetzelseegrundschule.de\/index.php?rest_route=%2Fwp%2Fv2%2Fcomments&post=27"}],"version-history":[{"count":18,"href":"https:\/\/www.scharmuetzelseegrundschule.de\/index.php?rest_route=\/wp\/v2\/pages\/27\/revisions"}],"predecessor-version":[{"id":9369,"href":"https:\/\/www.scharmuetzelseegrundschule.de\/index.php?rest_route=\/wp\/v2\/pages\/27\/revisions\/9369"}],"wp:attachment":[{"href":"https:\/\/www.scharmuetzelseegrundschule.de\/index.php?rest_route=%2Fwp%2Fv2%2Fmedia&parent=27"}],"curies":[{"name":"wp","href":"https:\/\/api.w.org\/{rel}","templated":true}]}}

Wir über uns

<p><strong>Herzlich willkommen auf der</strong> <em><br></em></p>



<h2>Homepage der Scharmützelsee-Grundschule</h2>



<p>Mit dem folgenden Kurzprofil möchten wir Ihnen einen ersten schnellen Überblick über unsere Schule ermöglichen:</p>



<p><strong>OFFENE GANZTAGSSCHULE<br></strong>Ganztagsbetreuung in Kooperation mit dem ‚Nachbarschaftsheim Schöneberg e.V.’</p>



<p><strong>ANZAHL DER SCHÜLERINNEN UND SCHÜLER</strong><br>460 Kinder <strong><br></strong></p>



<p><strong>KLASSEN<br></strong>Je 3 Klassen in den Jahrgängen 1 &#8211; 6  <br>Zwei Willkommensklassen für neu zugewanderte Schülerinnen und Schüler ohne Deutschkenntnisse ab Klasse 3<strong><br></strong></p>



<p><strong>PERSONAL<br></strong>41 Lehrkräfte und 23 Erziehende</p>



<p><strong>SCHULANFANGSPHASE<br></strong>Jahrgangsbezogenes Lernen (JabL) auch in den 1. und 2. Klassen</p>



<p><strong>SPORTBETONTES PROFIL</strong></p>



<ul><li>zusätzliche Sportstunde</li><li>ab Klasse 4 eine zusätzliche verbindliche Sport AG am Nachmittag</li><li>Teilnahme an schulischen und regionalen Sportveranstaltungen</li><li>interne sportliche Veranstaltungen (Scharmützler, Speedy Cup, Krumme Lanke Lauf,</li><li>Zwei-Felder &#8211; Ball &#8211; Turnier, Ball über die Schnur Turnier, Bundesjugendspiele im Sommer und im Winter &#8230;)</li><li>Pausensport</li></ul>



<p><strong>MUSIKALISCHE SCHWERPUNKTSETZUNG</strong></p>



<ul><li>Kooperation mit der Leo-Kestenberg Musikschule (zahlreiche Musikkurse am Nachmittag im Schulhaus)</li><li>Fortsetzung der in der Kita am Kleistpark begonnenen musikalischen Früherziehung in 2 Klassen der Schulanfangsphase</li><li>Kooperation mit dem Deutschen Chorverband e.V.</li><li>Musikabende</li><li>zur Zeit Zertifizierung zur musikalischen Grundschule</li></ul>



<p><strong>FREMDSPRACHEN<br></strong>Wahlmöglichkeit zwischen Englisch oder Französisch als 1. Fremdsprache ab Klasse 3</p>



<p><strong>GROßES AG – ANGEBOT AM NACHMITTAG</strong></p>



<ul><li>Zur Zeit 27 AGs im Bereich Sport, Musik, Theater &#8230;</li><li>verbindliche Fahrrad AG in allen 2. Klassen</li></ul>



<p><strong>INTEGRATION / INKLUSION&nbsp; </strong><em><a style="text-decoration: none;" title="Übergangsklasse" href="http://www.scharmuetzelseegrundschule.de/?page_id=1527">&#8230;mehr Infos</a></em></p>



<ul><li>Förderung von ca. 23 Kindern mit sonderpädagogischem Förderbedarf</li><li>Projekt ‚<a style="text-decoration: none;" title="Übergangsklasse" href="http://www.scharmuetzelseegrundschule.de/?page_id=1527#uebergangsklasse">Übergangsklasse</a>’</li><li><a style="text-decoration: none;" title="Übergangsklasse" href="http://www.scharmuetzelseegrundschule.de/?page_id=1527#foerderklasse">Willkommensklasse</a> (Neuzugänge ohne Deutschkenntnisse)</li></ul>



<p><strong>SOZIALES KOMPETENZTRAINING</strong></p>



<ul><li>„Faustlos – Training“ in den Klassen 1-3</li><li>„Buddys“ für den Pausenhof</li><li>Schülerinnen- und Schülervertretung</li><li>Teilnahme am Kinder- und Jugendparlament</li></ul>



<p><strong>SCHULHOFGESTALTUNG- UND BEGRÜNUNG</strong></p>



<ul><li>monatliches Grüngruppentreffen mit Lehrkräften, Erziehenden, Eltern, Schülerinnen und Schülern</li><li>Pflege eines eigenen Klassenbeetes für jede Klasse</li></ul>

<p>Herzlich willkommen auf der Homepage der Scharmützelsee-Grundschule Mit dem folgenden Kurzprofil möchten wir Ihnen einen ersten schnellen Überblick über unsere Schule ermöglichen: OFFENE GANZTAGSSCHULEGanztagsbetreuung in Kooperation mit dem ‚Nachbarschaftsheim Schöneberg e.V.’ ANZAHL DER SCHÜLERINNEN UND SCHÜLER460 Kinder KLASSENJe 3 Klassen &hellip; <a href="https://www.scharmuetzelseegrundschule.de/?page_id=27">Weiterlesen <span class="meta-nav">&rarr;</span></a></p>
